{"id":233,"date":"2012-01-09T23:22:34","date_gmt":"2012-01-09T23:22:34","guid":{"rendered":"http:\/\/vidaindependientemexico.com\/?page_id=233"},"modified":"2019-07-17T22:47:02","modified_gmt":"2019-07-17T22:47:02","slug":"derecho-a-la-diversidad","status":"publish","type":"page","link":"http:\/\/vidaindependientemexico.com\/?page_id=233","title":{"rendered":"Derecho a la diversidad"},"content":{"rendered":"<p style=\"text-align: center;\"><span style=\"color: #059df3;\"><strong><img loading=\"lazy\" decoding=\"async\" class=\"aligncenter wp-image-3849 \" src=\"http:\/\/vidaindependientemexico.com\/wp-content\/uploads\/2019\/01\/Derecho-a-la-diversidad.jpg\" alt=\"\" width=\"477\" height=\"268\" srcset=\"http:\/\/vidaindependientemexico.com\/wp-content\/uploads\/2019\/01\/Derecho-a-la-diversidad.jpg 1280w, http:\/\/vidaindependientemexico.com\/wp-content\/uploads\/2019\/01\/Derecho-a-la-diversidad-300x169.jpg 300w, http:\/\/vidaindependientemexico.com\/wp-content\/uploads\/2019\/01\/Derecho-a-la-diversidad-768x432.jpg 768w, http:\/\/vidaindependientemexico.com\/wp-content\/uploads\/2019\/01\/Derecho-a-la-diversidad-1024x576.jpg 1024w\" sizes=\"(max-width: 477px) 100vw, 477px\" \/><\/strong><\/span><\/p>\n<p style=\"text-align: center;\"><span style=\"color: #059df3;\"><strong><span style=\"color: #000000;\">Responsabilidad de Tomar Conciencia del valor de la Diversidad Humana <\/span><\/strong><\/span><strong><span style=\"color: #000000;\">(Arts. <a style=\"color: #000000;\" href=\"http:\/\/es.wikisource.org\/wiki\/Convenci\u00f3n_sobre_los_Derechos_de_las_Personas_con_Discapacidad_y_su_Protocolo_Facultativo_de_las_Naciones_Unidas:_09\">8<\/a> y <a style=\"color: #000000;\" href=\"http:\/\/es.wikisource.org\/wiki\/Convenci\u00f3n_sobre_los_Derechos_de_las_Personas_con_Discapacidad_y_su_Protocolo_Facultativo_de_las_Naciones_Unidas:_22\">21<\/a>)<\/span><\/strong><\/p>\n<p style=\"text-align: justify;\"><span style=\"color: #000000;\">Las PCD asumimos la responsabilidad de sensibilizar a la sociedad, empezando por nuestras propias familias, para qu\u00e9 tome conciencia del significado de la discapacidad en el mundo, nuestras capacidades y aportaciones; y, se fomente un mayor respeto hacia nuestra dignidad y derechos. Asumimos el compromiso de luchar contra los estereotipos, prejuicios y pr\u00e1cticas nocivas respecto de nosotras mismas, como personas con discapacidad -incluyendo nuestro g\u00e9nero o edad-, en todos los \u00e1mbitos de la vida (<span style=\"text-decoration: underline;\"><a style=\"color: #000000; text-decoration: underline;\" href=\"http:\/\/es.wikisource.org\/wiki\/Convenci\u00f3n_sobre_los_Derechos_de_las_Personas_con_Discapacidad_y_su_Protocolo_Facultativo_de_las_Naciones_Unidas:_09\">Art. 8 Toma de conciencia<\/a><\/span>).<\/span><\/p>\n<p style=\"text-align: justify;\"><span style=\"color: #000000;\">Pondremos en marcha campa\u00f1as efectivas de sensibilizaci\u00f3n p\u00fablica para fomentar actitudes receptivas, percepciones positivas y mayor conciencia social respecto de las personas con discapacidad; sus capacidades, m\u00e9ritos y habilidades, as\u00ed como sus aportaciones en el trabajo y en la vida laboral. Fomentaremos en todos los niveles del sistema educativo y desde la ni\u00f1ez temprana, una actitud de valoraci\u00f3n y respeto hacia las PCD; alentando a los medios de comunicaci\u00f3n a que difundan im\u00e1genes dignas de la discapacidad y de la propia Convenci\u00f3n que realmente enriquezcan la conciencia social (<span style=\"text-decoration: underline;\"><a style=\"color: #000000; text-decoration: underline;\" href=\"http:\/\/es.wikisource.org\/wiki\/Convenci\u00f3n_sobre_los_Derechos_de_las_Personas_con_Discapacidad_y_su_Protocolo_Facultativo_de_las_Naciones_Unidas:_09\">Art. 8 Toma de conciencia<\/a><\/span>).<\/span><\/p>\n<p style=\"text-align: justify;\"><span style=\"color: #000000;\">Las PCD asumimos la responsabilidad de expresarnos, emitir nuestra opini\u00f3n, recabar e intercambiar conocimientos e ideas; as\u00ed como mantenernos comunicadas, para facilitarnos -de manera oportuna y accesible- informaci\u00f3n de inter\u00e9s para nuestras vidas. Alentaremos a las entidades p\u00fablicas y privadas y a los medios de comunicaci\u00f3n, a que proporcionen informaci\u00f3n y servicios en forma accesible a las necesidades espec\u00edficas de las diferentes personas con discapacidad (<span style=\"text-decoration: underline;\"><a style=\"color: #000000; text-decoration: underline;\" href=\"http:\/\/es.wikisource.org\/wiki\/Convenci\u00f3n_sobre_los_Derechos_de_las_Personas_con_Discapacidad_y_su_Protocolo_Facultativo_de_las_Naciones_Unidas:_22\">Art. 21&nbsp; Libertad de expresi\u00f3n y opini\u00f3n<\/a><\/span>)<\/span><\/p>\n<p style=\"text-align: center;\"><strong><span style=\"color: #000000;\">Responsabilidad de Disfrutar y Compartir nuestra diversidad para lograr una Vida Plena (Arts.<a style=\"color: #000000;\" href=\"http:\/\/es.wikisource.org\/wiki\/Convenci\u00f3n_sobre_los_Derechos_de_las_Personas_con_Discapacidad_y_su_Protocolo_Facultativo_de_las_Naciones_Unidas:_07\"> 6<\/a>, <a style=\"color: #000000;\" href=\"http:\/\/es.wikisource.org\/wiki\/Convenci\u00f3n_sobre_los_Derechos_de_las_Personas_con_Discapacidad_y_su_Protocolo_Facultativo_de_las_Naciones_Unidas:_08\">7<\/a> y <a style=\"color: #000000;\" href=\"http:\/\/es.wikisource.org\/wiki\/Convenci\u00f3n_sobre_los_Derechos_de_las_Personas_con_Discapacidad_y_su_Protocolo_Facultativo_de_las_Naciones_Unidas:_27\">26<\/a>).<\/span><\/strong><\/p>\n<p style=\"text-align: justify;\"><span style=\"color: #000000;\">Las PCD reconocemos que las mujeres, las ni\u00f1as y los ni\u00f1os con discapacidad est\u00e1n sujetos a otras formas de discriminaci\u00f3n y adoptaremos medidas para asegurar que gocen plenamente de su derecho a ser diferentes con todos los derechos y libertades fundamentales que eso implica (<span style=\"text-decoration: underline;\"><a style=\"color: #000000; text-decoration: underline;\" href=\"http:\/\/es.wikisource.org\/wiki\/Convenci\u00f3n_sobre_los_Derechos_de_las_Personas_con_Discapacidad_y_su_Protocolo_Facultativo_de_las_Naciones_Unidas:_07\">Art. 6<\/a> Mujeres con Discapacidad y<a style=\"color: #000000; text-decoration: underline;\" href=\"http:\/\/es.wikisource.org\/wiki\/Convenci\u00f3n_sobre_los_Derechos_de_las_Personas_con_Discapacidad_y_su_Protocolo_Facultativo_de_las_Naciones_Unidas:_08\"> Art. 7<\/a><\/span>). En salvaguarda del inter\u00e9s superior de la ni\u00f1ez garantizaremos que las y los ni\u00f1os con discapacidad puedan expresar su opini\u00f3n libremente sobre todas las cuestiones que les afectan, ser escuchados y recibir la asistencia adecuada para poder ejercer ese derecho (<span style=\"text-decoration: underline;\"><a style=\"color: #000000; text-decoration: underline;\" href=\"http:\/\/es.wikisource.org\/wiki\/Convenci\u00f3n_sobre_los_Derechos_de_las_Personas_con_Discapacidad_y_su_Protocolo_Facultativo_de_las_Naciones_Unidas:_08\">Art.7 Ni\u00f1os y ni\u00f1as con discapacidad<\/a><\/span>)<\/span><\/p>\n<p style=\"text-align: justify;\"><span style=\"color: #000000;\">Las PCD&nbsp; asumimos la responsabilidad de lograr y mantener nuestra m\u00e1xima independencia, capacidad f\u00edsica, mental, social y vocacional, as\u00ed como la inclusi\u00f3n y participaci\u00f3n plenas en todos los aspectos de nuestra vida. Para lo cual, buscaremos ampliar nuestros servicios y programas de habilitaci\u00f3n y rehabilitaci\u00f3n, con un enfoque integral, de forma que puedan brindarse con toda oportunidad y tomando en cuenta las necesidades y capacidades espec\u00edficas de cada PCD; fomenten su participaci\u00f3n e inclusi\u00f3n integral en la comunidad y le permitan desarrollar todas sus potencialidades. Las PCD promoveremos el desarrollo y formaci\u00f3n continua de los profesionales y el personal que trabaja en los servicios de habilitaci\u00f3n y rehabilitaci\u00f3n; as\u00ed como la disponibilidad, conocimiento y uso adecuado de tecnolog\u00edas de apoyo y otros dispositivos destinados a las&nbsp;PCD (<span style=\"text-decoration: underline;\"><a style=\"color: #000000; text-decoration: underline;\" href=\"http:\/\/es.wikisource.org\/wiki\/Convenci\u00f3n_sobre_los_Derechos_de_las_Personas_con_Discapacidad_y_su_Protocolo_Facultativo_de_las_Naciones_Unidas:_27\">Art. 26&nbsp; Habilitaci\u00f3n y rehabilitaci\u00f3n<\/a><\/span>).<\/span><\/p>\n<p><a href=\"http:\/\/vidaindependientemexico.com\/wp-content\/uploads\/2019\/01\/reponsabilidad-de-compartir.jpg\" target=\"_blank\" rel=\"noopener\"><img loading=\"lazy\" decoding=\"async\" class=\"aligncenter wp-image-3850 size-full\" src=\"http:\/\/vidaindependientemexico.com\/wp-content\/uploads\/2019\/01\/reponsabilidad-de-compartir.jpg\" alt=\"\" width=\"1280\" height=\"720\" srcset=\"http:\/\/vidaindependientemexico.com\/wp-content\/uploads\/2019\/01\/reponsabilidad-de-compartir.jpg 1280w, http:\/\/vidaindependientemexico.com\/wp-content\/uploads\/2019\/01\/reponsabilidad-de-compartir-300x169.jpg 300w, http:\/\/vidaindependientemexico.com\/wp-content\/uploads\/2019\/01\/reponsabilidad-de-compartir-768x432.jpg 768w, http:\/\/vidaindependientemexico.com\/wp-content\/uploads\/2019\/01\/reponsabilidad-de-compartir-1024x576.jpg 1024w\" sizes=\"(max-width: 1280px) 100vw, 1280px\" \/><\/a><\/p>\n<p>&nbsp;<\/p>\n<p>&nbsp;<\/p>\n","protected":false},"excerpt":{"rendered":"<p>Responsabilidad de Tomar Conciencia del valor de la Diversidad Humana (Arts. 8 y 21) Las PCD asumimos la responsabilidad de sensibilizar a la sociedad, empezando por nuestras propias familias, para qu\u00e9 tome conciencia del significado de la discapacidad en el mundo, nuestras capacidades y aportaciones; y, se fomente un mayor<a href=\"http:\/\/vidaindependientemexico.com\/?page_id=233\" class=\"read-more\">Read More<\/a><\/p>\n","protected":false},"author":3,"featured_media":3839,"parent":0,"menu_order":0,"comment_status":"closed","ping_status":"closed","template":"","meta":{"ngg_post_thumbnail":0,"footnotes":""},"class_list":["post-233","page","type-page","status-publish","has-post-thumbnail","hentry"],"_links":{"self":[{"href":"http:\/\/vidaindependientemexico.com\/index.php?rest_route=\/wp\/v2\/pages\/233"}],"collection":[{"href":"http:\/\/vidaindependientemexico.com\/index.php?rest_route=\/wp\/v2\/pages"}],"about":[{"href":"http:\/\/vidaindependientemexico.com\/index.php?rest_route=\/wp\/v2\/types\/page"}],"author":[{"embeddable":true,"href":"http:\/\/vidaindependientemexico.com\/index.php?rest_route=\/wp\/v2\/users\/3"}],"replies":[{"embeddable":true,"href":"http:\/\/vidaindependientemexico.com\/index.php?rest_route=%2Fwp%2Fv2%2Fcomments&post=233"}],"version-history":[{"count":21,"href":"http:\/\/vidaindependientemexico.com\/index.php?rest_route=\/wp\/v2\/pages\/233\/revisions"}],"predecessor-version":[{"id":4318,"href":"http:\/\/vidaindependientemexico.com\/index.php?rest_route=\/wp\/v2\/pages\/233\/revisions\/4318"}],"wp:featuredmedia":[{"embeddable":true,"href":"http:\/\/vidaindependientemexico.com\/index.php?rest_route=\/wp\/v2\/media\/3839"}],"wp:attachment":[{"href":"http:\/\/vidaindependientemexico.com\/index.php?rest_route=%2Fwp%2Fv2%2Fmedia&parent=233"}],"curies":[{"name":"wp","href":"https:\/\/api.w.org\/{rel}","templated":true}]}}

<p style="text-align: center;"><span style="color: #059df3;"><strong><img loading="lazy" decoding="async" class="aligncenter wp-image-3849 " src="http://vidaindependientemexico.com/wp-content/uploads/2019/01/Derecho-a-la-diversidad.jpg" alt="" width="477" height="268" srcset="http://vidaindependientemexico.com/wp-content/uploads/2019/01/Derecho-a-la-diversidad.jpg 1280w, http://vidaindependientemexico.com/wp-content/uploads/2019/01/Derecho-a-la-diversidad-300x169.jpg 300w, http://vidaindependientemexico.com/wp-content/uploads/2019/01/Derecho-a-la-diversidad-768x432.jpg 768w, http://vidaindependientemexico.com/wp-content/uploads/2019/01/Derecho-a-la-diversidad-1024x576.jpg 1024w" sizes="(max-width: 477px) 100vw, 477px" /></strong></span></p>
<p style="text-align: center;"><span style="color: #059df3;"><strong><span style="color: #000000;">Responsabilidad de Tomar Conciencia del valor de la Diversidad Humana </span></strong></span><strong><span style="color: #000000;">(Arts. <a style="color: #000000;" href="http://es.wikisource.org/wiki/Convención_sobre_los_Derechos_de_las_Personas_con_Discapacidad_y_su_Protocolo_Facultativo_de_las_Naciones_Unidas:_09">8</a> y <a style="color: #000000;" href="http://es.wikisource.org/wiki/Convención_sobre_los_Derechos_de_las_Personas_con_Discapacidad_y_su_Protocolo_Facultativo_de_las_Naciones_Unidas:_22">21</a>)</span></strong></p>
<p style="text-align: justify;"><span style="color: #000000;">Las PCD asumimos la responsabilidad de sensibilizar a la sociedad, empezando por nuestras propias familias, para qué tome conciencia del significado de la discapacidad en el mundo, nuestras capacidades y aportaciones; y, se fomente un mayor respeto hacia nuestra dignidad y derechos. Asumimos el compromiso de luchar contra los estereotipos, prejuicios y prácticas nocivas respecto de nosotras mismas, como personas con discapacidad -incluyendo nuestro género o edad-, en todos los ámbitos de la vida (<span style="text-decoration: underline;"><a style="color: #000000; text-decoration: underline;" href="http://es.wikisource.org/wiki/Convención_sobre_los_Derechos_de_las_Personas_con_Discapacidad_y_su_Protocolo_Facultativo_de_las_Naciones_Unidas:_09">Art. 8 Toma de conciencia</a></span>).</span></p>
<p style="text-align: justify;"><span style="color: #000000;">Pondremos en marcha campañas efectivas de sensibilización pública para fomentar actitudes receptivas, percepciones positivas y mayor conciencia social respecto de las personas con discapacidad; sus capacidades, méritos y habilidades, así como sus aportaciones en el trabajo y en la vida laboral. Fomentaremos en todos los niveles del sistema educativo y desde la niñez temprana, una actitud de valoración y respeto hacia las PCD; alentando a los medios de comunicación a que difundan imágenes dignas de la discapacidad y de la propia Convención que realmente enriquezcan la conciencia social (<span style="text-decoration: underline;"><a style="color: #000000; text-decoration: underline;" href="http://es.wikisource.org/wiki/Convención_sobre_los_Derechos_de_las_Personas_con_Discapacidad_y_su_Protocolo_Facultativo_de_las_Naciones_Unidas:_09">Art. 8 Toma de conciencia</a></span>).</span></p>
<p style="text-align: justify;"><span style="color: #000000;">Las PCD asumimos la responsabilidad de expresarnos, emitir nuestra opinión, recabar e intercambiar conocimientos e ideas; así como mantenernos comunicadas, para facilitarnos -de manera oportuna y accesible- información de interés para nuestras vidas. Alentaremos a las entidades públicas y privadas y a los medios de comunicación, a que proporcionen información y servicios en forma accesible a las necesidades específicas de las diferentes personas con discapacidad (<span style="text-decoration: underline;"><a style="color: #000000; text-decoration: underline;" href="http://es.wikisource.org/wiki/Convención_sobre_los_Derechos_de_las_Personas_con_Discapacidad_y_su_Protocolo_Facultativo_de_las_Naciones_Unidas:_22">Art. 21&nbsp; Libertad de expresión y opinión</a></span>)</span></p>
<p style="text-align: center;"><strong><span style="color: #000000;">Responsabilidad de Disfrutar y Compartir nuestra diversidad para lograr una Vida Plena (Arts.<a style="color: #000000;" href="http://es.wikisource.org/wiki/Convención_sobre_los_Derechos_de_las_Personas_con_Discapacidad_y_su_Protocolo_Facultativo_de_las_Naciones_Unidas:_07"> 6</a>, <a style="color: #000000;" href="http://es.wikisource.org/wiki/Convención_sobre_los_Derechos_de_las_Personas_con_Discapacidad_y_su_Protocolo_Facultativo_de_las_Naciones_Unidas:_08">7</a> y <a style="color: #000000;" href="http://es.wikisource.org/wiki/Convención_sobre_los_Derechos_de_las_Personas_con_Discapacidad_y_su_Protocolo_Facultativo_de_las_Naciones_Unidas:_27">26</a>).</span></strong></p>
<p style="text-align: justify;"><span style="color: #000000;">Las PCD reconocemos que las mujeres, las niñas y los niños con discapacidad están sujetos a otras formas de discriminación y adoptaremos medidas para asegurar que gocen plenamente de su derecho a ser diferentes con todos los derechos y libertades fundamentales que eso implica (<span style="text-decoration: underline;"><a style="color: #000000; text-decoration: underline;" href="http://es.wikisource.org/wiki/Convención_sobre_los_Derechos_de_las_Personas_con_Discapacidad_y_su_Protocolo_Facultativo_de_las_Naciones_Unidas:_07">Art. 6</a> Mujeres con Discapacidad y<a style="color: #000000; text-decoration: underline;" href="http://es.wikisource.org/wiki/Convención_sobre_los_Derechos_de_las_Personas_con_Discapacidad_y_su_Protocolo_Facultativo_de_las_Naciones_Unidas:_08"> Art. 7</a></span>). En salvaguarda del interés superior de la niñez garantizaremos que las y los niños con discapacidad puedan expresar su opinión libremente sobre todas las cuestiones que les afectan, ser escuchados y recibir la asistencia adecuada para poder ejercer ese derecho (<span style="text-decoration: underline;"><a style="color: #000000; text-decoration: underline;" href="http://es.wikisource.org/wiki/Convención_sobre_los_Derechos_de_las_Personas_con_Discapacidad_y_su_Protocolo_Facultativo_de_las_Naciones_Unidas:_08">Art.7 Niños y niñas con discapacidad</a></span>)</span></p>
<p style="text-align: justify;"><span style="color: #000000;">Las PCD&nbsp; asumimos la responsabilidad de lograr y mantener nuestra máxima independencia, capacidad física, mental, social y vocacional, así como la inclusión y participación plenas en todos los aspectos de nuestra vida. Para lo cual, buscaremos ampliar nuestros servicios y programas de habilitación y rehabilitación, con un enfoque integral, de forma que puedan brindarse con toda oportunidad y tomando en cuenta las necesidades y capacidades específicas de cada PCD; fomenten su participación e inclusión integral en la comunidad y le permitan desarrollar todas sus potencialidades. Las PCD promoveremos el desarrollo y formación continua de los profesionales y el personal que trabaja en los servicios de habilitación y rehabilitación; así como la disponibilidad, conocimiento y uso adecuado de tecnologías de apoyo y otros dispositivos destinados a las&nbsp;PCD (<span style="text-decoration: underline;"><a style="color: #000000; text-decoration: underline;" href="http://es.wikisource.org/wiki/Convención_sobre_los_Derechos_de_las_Personas_con_Discapacidad_y_su_Protocolo_Facultativo_de_las_Naciones_Unidas:_27">Art. 26&nbsp; Habilitación y rehabilitación</a></span>).</span></p>
<p><a href="http://vidaindependientemexico.com/wp-content/uploads/2019/01/reponsabilidad-de-compartir.jpg" target="_blank" rel="noopener"><img loading="lazy" decoding="async" class="aligncenter wp-image-3850 size-full" src="http://vidaindependientemexico.com/wp-content/uploads/2019/01/reponsabilidad-de-compartir.jpg" alt="" width="1280" height="720" srcset="http://vidaindependientemexico.com/wp-content/uploads/2019/01/reponsabilidad-de-compartir.jpg 1280w, http://vidaindependientemexico.com/wp-content/uploads/2019/01/reponsabilidad-de-compartir-300x169.jpg 300w, http://vidaindependientemexico.com/wp-content/uploads/2019/01/reponsabilidad-de-compartir-768x432.jpg 768w, http://vidaindependientemexico.com/wp-content/uploads/2019/01/reponsabilidad-de-compartir-1024x576.jpg 1024w" sizes="(max-width: 1280px) 100vw, 1280px" /></a></p>
<p>&nbsp;</p>
<p>&nbsp;</p>

<p>Responsabilidad de Tomar Conciencia del valor de la Diversidad Humana (Arts. 8 y 21) Las PCD asumimos la responsabilidad de sensibilizar a la sociedad, empezando por nuestras propias familias, para qué tome conciencia del significado de la discapacidad en el mundo, nuestras capacidades y aportaciones; y, se fomente un mayor<a href="http://vidaindependientemexico.com/?page_id=233" class="read-more">Read More</a></p>
