{"id":263,"date":"2012-01-09T23:45:28","date_gmt":"2012-01-09T23:45:28","guid":{"rendered":"http:\/\/vidaindependientemexico.com\/?page_id=263"},"modified":"2020-09-30T04:04:27","modified_gmt":"2020-09-30T04:04:27","slug":"programa-de-transformacion-social","status":"publish","type":"page","link":"http:\/\/vidaindependientemexico.com\/?page_id=263","title":{"rendered":"Programa de l\u00edderes sociales"},"content":{"rendered":"<p style=\"text-align: justify;\"><a href=\"http:\/\/vidaindependientemexico.com\/wp-content\/uploads\/2012\/01\/program-transfor-social1.jpg\" target=\"_blank\" rel=\"noopener noreferrer\"><img loading=\"lazy\" decoding=\"async\" class=\"alignleft wp-image-867\" title=\"program-transfor-social1\" src=\"http:\/\/vidaindependientemexico.com\/wp-content\/uploads\/2012\/01\/program-transfor-social1.jpg\" alt=\"\" width=\"268\" height=\"201\" srcset=\"http:\/\/vidaindependientemexico.com\/wp-content\/uploads\/2012\/01\/program-transfor-social1.jpg 756w, http:\/\/vidaindependientemexico.com\/wp-content\/uploads\/2012\/01\/program-transfor-social1-300x225.jpg 300w\" sizes=\"(max-width: 268px) 100vw, 268px\" \/><\/a><span style=\"color: #000000;\"><strong>Las PCD reconocemos que las familias y muchas otras agrupaciones humanas, atraviesan por graves crisis de desintegraci\u00f3n, violencia y abuso. Rescatar de ese abismo a las PCD m\u00e1s abandonadas, rehabilit\u00e1ndolas para que puedan cumplir su misi\u00f3n en la comunidad, es la propuesta de VIM para la vida y la transformaci\u00f3n social del mundo.<\/strong><\/span><\/p>\n<p style=\"text-align: justify;\"><span style=\"color: #000000;\"><strong>El&nbsp; papel&nbsp; de un L\u00edder Social Vida Independiente es mostrar a la sociedad, un testimonio de vida como persona con discapacidad responsable, productiva, incluida, realizada; con derechos y obligaciones y portadora de un mensaje para las dem\u00e1s personas con discapacidad que a\u00fan permanecen aisladas; sin darse cuenta de que existen otras alternativas o formas de vivir la vida. Hay un elevado grado de confianza de las PCD en VIM, como veh\u00edculo para fomentar este proceso y ser un factor de trascendencia en el&nbsp; cambio social. D\u00eda con d\u00eda las personas se dan cuenta de que una discapacidad no determina lo que cada persona quiere hacer con su vida: la actitud hace la diferencia y marca.<\/strong><\/span><\/p>\n<p style=\"text-align: justify;\"><span style=\"color: #000000;\"><strong>El Programa de L\u00edderes Sociales Vida Independiente forma parte del proceso de formaci\u00f3n de nuevos liderazgos de personas con discapacidad y es una responsabilidad a la que VIM invita permanentemente a todas aquellas PCD independientes e incluidas que desean crecer en su nivel de liderazgo dentro del propio Modelo: ya sea como instructores, en los Cursos de Vida Independiente; o bien, como colaboradores en el proceso de canalizaci\u00f3n, gesti\u00f3n, acompa\u00f1amiento e inclusi\u00f3n de beneficiarios al programa. VIM y Fundaci\u00f3n Mexicana son las instituciones responsables de coordinar este Programa: puedes dirigirte a alguna de estas instituciones, si deseas mayor informaci\u00f3n sobre este programa.<\/strong><\/span><\/p>\n<p><a href=\"http:\/\/vidaindependientemexico.com\/wp-content\/uploads\/2012\/01\/program-transfor-social2.jpg\" target=\"_blank\" rel=\"noopener noreferrer\"><img loading=\"lazy\" decoding=\"async\" class=\"aligncenter wp-image-868 size-full\" title=\"program-transfor-social2\" src=\"http:\/\/vidaindependientemexico.com\/wp-content\/uploads\/2012\/01\/program-transfor-social2.jpg\" alt=\"\" width=\"756\" height=\"567\" srcset=\"http:\/\/vidaindependientemexico.com\/wp-content\/uploads\/2012\/01\/program-transfor-social2.jpg 756w, http:\/\/vidaindependientemexico.com\/wp-content\/uploads\/2012\/01\/program-transfor-social2-300x225.jpg 300w\" sizes=\"(max-width: 756px) 100vw, 756px\" \/><\/a><\/p>\n<hr>\n<p><a href=\"http:\/\/vidaindependientemexico.com\/wp-content\/uploads\/2012\/01\/program-transfor-social3.jpg\" target=\"_blank\" rel=\"noopener noreferrer\"><img loading=\"lazy\" decoding=\"async\" class=\"aligncenter wp-image-870 size-full\" title=\"program-transfor-social3\" src=\"http:\/\/vidaindependientemexico.com\/wp-content\/uploads\/2012\/01\/program-transfor-social3.jpg\" alt=\"\" width=\"756\" height=\"567\" srcset=\"http:\/\/vidaindependientemexico.com\/wp-content\/uploads\/2012\/01\/program-transfor-social3.jpg 756w, http:\/\/vidaindependientemexico.com\/wp-content\/uploads\/2012\/01\/program-transfor-social3-300x225.jpg 300w\" sizes=\"(max-width: 756px) 100vw, 756px\" \/><\/a><\/p>\n","protected":false},"excerpt":{"rendered":"<p>Las PCD reconocemos que las familias y muchas otras agrupaciones humanas, atraviesan por graves crisis de desintegraci\u00f3n, violencia y abuso. Rescatar de ese abismo a las PCD m\u00e1s abandonadas, rehabilit\u00e1ndolas para que puedan cumplir su misi\u00f3n en la comunidad, es la propuesta de VIM para la vida y la transformaci\u00f3n<a href=\"http:\/\/vidaindependientemexico.com\/?page_id=263\" class=\"read-more\">Read More<\/a><\/p>\n","protected":false},"author":3,"featured_media":3701,"parent":261,"menu_order":0,"comment_status":"closed","ping_status":"closed","template":"","meta":{"ngg_post_thumbnail":0,"footnotes":""},"class_list":["post-263","page","type-page","status-publish","has-post-thumbnail","hentry"],"_links":{"self":[{"href":"http:\/\/vidaindependientemexico.com\/index.php?rest_route=\/wp\/v2\/pages\/263"}],"collection":[{"href":"http:\/\/vidaindependientemexico.com\/index.php?rest_route=\/wp\/v2\/pages"}],"about":[{"href":"http:\/\/vidaindependientemexico.com\/index.php?rest_route=\/wp\/v2\/types\/page"}],"author":[{"embeddable":true,"href":"http:\/\/vidaindependientemexico.com\/index.php?rest_route=\/wp\/v2\/users\/3"}],"replies":[{"embeddable":true,"href":"http:\/\/vidaindependientemexico.com\/index.php?rest_route=%2Fwp%2Fv2%2Fcomments&post=263"}],"version-history":[{"count":16,"href":"http:\/\/vidaindependientemexico.com\/index.php?rest_route=\/wp\/v2\/pages\/263\/revisions"}],"predecessor-version":[{"id":4623,"href":"http:\/\/vidaindependientemexico.com\/index.php?rest_route=\/wp\/v2\/pages\/263\/revisions\/4623"}],"up":[{"embeddable":true,"href":"http:\/\/vidaindependientemexico.com\/index.php?rest_route=\/wp\/v2\/pages\/261"}],"wp:featuredmedia":[{"embeddable":true,"href":"http:\/\/vidaindependientemexico.com\/index.php?rest_route=\/wp\/v2\/media\/3701"}],"wp:attachment":[{"href":"http:\/\/vidaindependientemexico.com\/index.php?rest_route=%2Fwp%2Fv2%2Fmedia&parent=263"}],"curies":[{"name":"wp","href":"https:\/\/api.w.org\/{rel}","templated":true}]}}

Programa de líderes sociales

<p style="text-align: justify;"><a href="http://vidaindependientemexico.com/wp-content/uploads/2012/01/program-transfor-social1.jpg" target="_blank" rel="noopener noreferrer"><img loading="lazy" decoding="async" class="alignleft wp-image-867" title="program-transfor-social1" src="http://vidaindependientemexico.com/wp-content/uploads/2012/01/program-transfor-social1.jpg" alt="" width="268" height="201" srcset="http://vidaindependientemexico.com/wp-content/uploads/2012/01/program-transfor-social1.jpg 756w, http://vidaindependientemexico.com/wp-content/uploads/2012/01/program-transfor-social1-300x225.jpg 300w" sizes="(max-width: 268px) 100vw, 268px" /></a><span style="color: #000000;"><strong>Las PCD reconocemos que las familias y muchas otras agrupaciones humanas, atraviesan por graves crisis de desintegración, violencia y abuso. Rescatar de ese abismo a las PCD más abandonadas, rehabilitándolas para que puedan cumplir su misión en la comunidad, es la propuesta de VIM para la vida y la transformación social del mundo.</strong></span></p>
<p style="text-align: justify;"><span style="color: #000000;"><strong>El&nbsp; papel&nbsp; de un Líder Social Vida Independiente es mostrar a la sociedad, un testimonio de vida como persona con discapacidad responsable, productiva, incluida, realizada; con derechos y obligaciones y portadora de un mensaje para las demás personas con discapacidad que aún permanecen aisladas; sin darse cuenta de que existen otras alternativas o formas de vivir la vida. Hay un elevado grado de confianza de las PCD en VIM, como vehículo para fomentar este proceso y ser un factor de trascendencia en el&nbsp; cambio social. Día con día las personas se dan cuenta de que una discapacidad no determina lo que cada persona quiere hacer con su vida: la actitud hace la diferencia y marca.</strong></span></p>
<p style="text-align: justify;"><span style="color: #000000;"><strong>El Programa de Líderes Sociales Vida Independiente forma parte del proceso de formación de nuevos liderazgos de personas con discapacidad y es una responsabilidad a la que VIM invita permanentemente a todas aquellas PCD independientes e incluidas que desean crecer en su nivel de liderazgo dentro del propio Modelo: ya sea como instructores, en los Cursos de Vida Independiente; o bien, como colaboradores en el proceso de canalización, gestión, acompañamiento e inclusión de beneficiarios al programa. VIM y Fundación Mexicana son las instituciones responsables de coordinar este Programa: puedes dirigirte a alguna de estas instituciones, si deseas mayor información sobre este programa.</strong></span></p>
<p><a href="http://vidaindependientemexico.com/wp-content/uploads/2012/01/program-transfor-social2.jpg" target="_blank" rel="noopener noreferrer"><img loading="lazy" decoding="async" class="aligncenter wp-image-868 size-full" title="program-transfor-social2" src="http://vidaindependientemexico.com/wp-content/uploads/2012/01/program-transfor-social2.jpg" alt="" width="756" height="567" srcset="http://vidaindependientemexico.com/wp-content/uploads/2012/01/program-transfor-social2.jpg 756w, http://vidaindependientemexico.com/wp-content/uploads/2012/01/program-transfor-social2-300x225.jpg 300w" sizes="(max-width: 756px) 100vw, 756px" /></a></p>
<hr>
<p><a href="http://vidaindependientemexico.com/wp-content/uploads/2012/01/program-transfor-social3.jpg" target="_blank" rel="noopener noreferrer"><img loading="lazy" decoding="async" class="aligncenter wp-image-870 size-full" title="program-transfor-social3" src="http://vidaindependientemexico.com/wp-content/uploads/2012/01/program-transfor-social3.jpg" alt="" width="756" height="567" srcset="http://vidaindependientemexico.com/wp-content/uploads/2012/01/program-transfor-social3.jpg 756w, http://vidaindependientemexico.com/wp-content/uploads/2012/01/program-transfor-social3-300x225.jpg 300w" sizes="(max-width: 756px) 100vw, 756px" /></a></p>

<p>Las PCD reconocemos que las familias y muchas otras agrupaciones humanas, atraviesan por graves crisis de desintegración, violencia y abuso. Rescatar de ese abismo a las PCD más abandonadas, rehabilitándolas para que puedan cumplir su misión en la comunidad, es la propuesta de VIM para la vida y la transformación<a href="http://vidaindependientemexico.com/?page_id=263" class="read-more">Read More</a></p>
