{"id":269,"date":"2012-01-09T23:49:15","date_gmt":"2012-01-09T23:49:15","guid":{"rendered":"http:\/\/vidaindependientemexico.com\/?page_id=269"},"modified":"2019-01-02T06:27:41","modified_gmt":"2019-01-02T06:27:41","slug":"%e2%80%a2-derecho-a-la-integracion-programa-de-vida-independiente-instructuras","status":"publish","type":"page","link":"http:\/\/vidaindependientemexico.com\/?page_id=269","title":{"rendered":"Programa de vida independiente"},"content":{"rendered":"<p><a href=\"http:\/\/vidaindependientemexico.com\/wp-content\/uploads\/2018\/12\/44716213_1946895548733533_8329583329602961408_n.jpg\" target=\"_blank\" rel=\"noopener\"><img loading=\"lazy\" decoding=\"async\" class=\"alignleft wp-image-3641\" src=\"http:\/\/vidaindependientemexico.com\/wp-content\/uploads\/2018\/12\/44716213_1946895548733533_8329583329602961408_n.jpg\" alt=\"\" width=\"391\" height=\"220\" srcset=\"http:\/\/vidaindependientemexico.com\/wp-content\/uploads\/2018\/12\/44716213_1946895548733533_8329583329602961408_n.jpg 960w, http:\/\/vidaindependientemexico.com\/wp-content\/uploads\/2018\/12\/44716213_1946895548733533_8329583329602961408_n-300x169.jpg 300w, http:\/\/vidaindependientemexico.com\/wp-content\/uploads\/2018\/12\/44716213_1946895548733533_8329583329602961408_n-768x432.jpg 768w\" sizes=\"(max-width: 391px) 100vw, 391px\" \/><\/a><\/p>\n<p style=\"text-align: justify;\"><span style=\"color: #000000;\"><strong>Las personas en silla de ruedas del Modelo VIM sabemos que por cada PCD rehabilitada para una vida independiente, se liberan en promedio, tres ciudadanos (familiares y\/o cuidadores). Por ello, asumimos el reto -en alianza con instituciones p\u00fablicas y privadas- de rehabilitar en los pr\u00f3ximos a\u00f1os a por lo menos 500 mil PCD; con lo cual, podr\u00e1n liberarse mill\u00f3n y medio de ciudadanos parados, que tendr\u00e1n acceso a una vida m\u00e1s activa.<\/strong><\/span><\/p>\n<p style=\"text-align: justify;\"><span style=\"color: #000000;\"><strong>Es por ello que en VIM estamos impulsando la formaci\u00f3n de nuevos instructores, mediante actividades de capacitaci\u00f3n, pr\u00e1cticas profesionales en nuestra instituci\u00f3n y la creaci\u00f3n de cursos especialmente dise\u00f1ados para ellos.<\/strong><\/span><\/p>\n<p style=\"text-align: justify;\"><span style=\"color: #000000;\"><strong>Antes de existir Vida Independiente M\u00e9xico, no exist\u00eda el modelo de pares o de un instructor que tuviera la misma discapacidad que las personas a las que ense\u00f1aba. Era muy dif\u00edcil, incluso, encontrar un \u201ccuadra\u201d (como suele llamarse a los cuadripl\u00e9jicos) con muchas habilidades. Muchas compa\u00f1eras, personas con discapacidad, han tenido instructores muy preparados, pero al no tener la experiencia de una discapacidad motora, no tiene el mismo impacto su ense\u00f1anza: no es igual de cre\u00edble. Hay un dicho popular local que lo expresa de maravilla: \u201cPa\u2019 los toros del Jaral, los caballos de all\u00e1 mismo\u201d.<a href=\"http:\/\/vidaindependientemexico.com\/wp-content\/uploads\/2012\/01\/programa-vida-independiente1.jpg\" target=\"_blank\" rel=\"noopener\"><img loading=\"lazy\" decoding=\"async\" class=\"wp-image-873 alignright\" title=\"programa-vida-independiente1\" src=\"http:\/\/vidaindependientemexico.com\/wp-content\/uploads\/2012\/01\/programa-vida-independiente1.jpg\" alt=\"\" width=\"281\" height=\"189\" srcset=\"http:\/\/vidaindependientemexico.com\/wp-content\/uploads\/2012\/01\/programa-vida-independiente1.jpg 844w, http:\/\/vidaindependientemexico.com\/wp-content\/uploads\/2012\/01\/programa-vida-independiente1-300x201.jpg 300w\" sizes=\"(max-width: 281px) 100vw, 281px\" \/><\/a><\/strong><\/span><\/p>\n<p style=\"text-align: justify;\"><span style=\"color: #000000;\"><strong>Los instructores institucionales, han significado para nosotros, el riesgo de la prepotencia: cuando se tiene mucha habilidad f\u00edsica por parte de quienes est\u00e1n siendo capacitados, se llega f\u00e1cilmente a la cr\u00edtica del profesional y esto en ocasiones puede representar para ellos una especie de humillaci\u00f3n.<\/strong><\/span><\/p>\n<p style=\"text-align: justify;\"><span style=\"color: #000000;\"><strong>En cambio, con los instructores VIM, personas con discapacidad&nbsp;que tienen humildad y compromiso, se da una mayor empat\u00eda; entre otras razones, por&nbsp;entender en carne propia&nbsp;el proceso por el cual pas\u00f3&nbsp;el aprendiz.<\/strong><\/span><\/p>\n<p style=\"text-align: justify;\"><span style=\"color: #000000;\"><strong>Actualmente, la metodolog\u00eda de pares es la columna vertebral de todo el modelo y es la que habr\u00e1 de permitirnos alcanzar una meta tan ambiciosa: el sue\u00f1o de rehabilitar integralmente a 500 mil PCD, en los pr\u00f3ximos a\u00f1os. Este sue\u00f1o puede ser posible si confluyen algunos o todos estos factores:<\/strong><\/span><\/p>\n<p style=\"text-align: justify;\"><span style=\"color: #000000;\"><strong><span style=\"color: #ff0000;\">1)&nbsp;<\/span>&nbsp;&nbsp;&nbsp; Si un porcentaje significativo de las 5 mil PCD hoy rehabilitadas, acepta el reto de convertirse en instructora de 10 o m\u00e1s PCD por a\u00f1o: en 10 a\u00f1os, habremos alcanzado la meta.<\/strong><\/span><\/p>\n<p style=\"text-align: justify;\"><span style=\"color: #000000;\"><strong><span style=\"color: #00ff00;\">2)&nbsp;<\/span>&nbsp; Si los familiares y PCD rehabilitadas -que no participan como instructoras-, aceptan el reto de participar como promotoras: fomentando conciencia social, sobre todo al interior de las instituciones encargadas de la rehabilitaci\u00f3n, el impacto del modelo sin duda se multiplicar\u00e1.<\/strong><\/span><\/p>\n<p style=\"text-align: justify;\"><span style=\"color: #000000;\"><strong><span style=\"color: #0000ff;\">3)&nbsp;<\/span>&nbsp;&nbsp;&nbsp; Si las instituciones encargadas de rehabilitar, las universidades, las organizaciones civiles y las empresas, aceptan el reto de promover mecanismos de rehabilitaci\u00f3n m\u00e1s integrales, en lugar de los m\u00e9todos tradicionales que a la larga resultan m\u00e1s caros y desgastantes; el impacto puede ser mayor y el tiempo, reducirse a la mitad: 500 mil PCD en 5 a\u00f1os.<\/strong><\/span><\/p>\n<p style=\"text-align: justify;\"><span style=\"color: #000000;\"><strong><span style=\"color: #ff00ff;\">4)<\/span>&nbsp;&nbsp;&nbsp;&nbsp; Si el Gobierno y otras instancias interesadas en invertir a favor de la vida, se involucran adem\u00e1s en el reto de producir 500 mil sillas de ruedas para la vida independiente con sus respectivos cojines, se contar\u00e1 con la infraestructura necesaria para devolver la vida a 500 mil seres humanos con discapacidad que pueden llegar a ser, sin duda, un pilar espiritual para el pa\u00eds: dispuestos a construir ambientes de no discriminaci\u00f3n, de paz y de justicia.<\/strong><\/span><\/p>\n","protected":false},"excerpt":{"rendered":"<p>Las personas en silla de ruedas del Modelo VIM sabemos que por cada PCD rehabilitada para una vida independiente, se liberan en promedio, tres ciudadanos (familiares y\/o cuidadores). Por ello, asumimos el reto -en alianza con instituciones p\u00fablicas y privadas- de rehabilitar en los pr\u00f3ximos a\u00f1os a por lo menos<a href=\"http:\/\/vidaindependientemexico.com\/?page_id=269\" class=\"read-more\">Read More<\/a><\/p>\n","protected":false},"author":3,"featured_media":3707,"parent":261,"menu_order":0,"comment_status":"closed","ping_status":"closed","template":"","meta":{"ngg_post_thumbnail":0,"footnotes":""},"class_list":["post-269","page","type-page","status-publish","has-post-thumbnail","hentry"],"_links":{"self":[{"href":"http:\/\/vidaindependientemexico.com\/index.php?rest_route=\/wp\/v2\/pages\/269"}],"collection":[{"href":"http:\/\/vidaindependientemexico.com\/index.php?rest_route=\/wp\/v2\/pages"}],"about":[{"href":"http:\/\/vidaindependientemexico.com\/index.php?rest_route=\/wp\/v2\/types\/page"}],"author":[{"embeddable":true,"href":"http:\/\/vidaindependientemexico.com\/index.php?rest_route=\/wp\/v2\/users\/3"}],"replies":[{"embeddable":true,"href":"http:\/\/vidaindependientemexico.com\/index.php?rest_route=%2Fwp%2Fv2%2Fcomments&post=269"}],"version-history":[{"count":15,"href":"http:\/\/vidaindependientemexico.com\/index.php?rest_route=\/wp\/v2\/pages\/269\/revisions"}],"predecessor-version":[{"id":3705,"href":"http:\/\/vidaindependientemexico.com\/index.php?rest_route=\/wp\/v2\/pages\/269\/revisions\/3705"}],"up":[{"embeddable":true,"href":"http:\/\/vidaindependientemexico.com\/index.php?rest_route=\/wp\/v2\/pages\/261"}],"wp:featuredmedia":[{"embeddable":true,"href":"http:\/\/vidaindependientemexico.com\/index.php?rest_route=\/wp\/v2\/media\/3707"}],"wp:attachment":[{"href":"http:\/\/vidaindependientemexico.com\/index.php?rest_route=%2Fwp%2Fv2%2Fmedia&parent=269"}],"curies":[{"name":"wp","href":"https:\/\/api.w.org\/{rel}","templated":true}]}}