{"id":281,"date":"2012-01-10T00:03:25","date_gmt":"2012-01-10T00:03:25","guid":{"rendered":"http:\/\/vidaindependientemexico.com\/?page_id=281"},"modified":"2019-01-02T01:21:49","modified_gmt":"2019-01-02T01:21:49","slug":"actividades-de-promocion","status":"publish","type":"page","link":"http:\/\/vidaindependientemexico.com\/?page_id=281","title":{"rendered":"Actividades de promoci\u00f3n"},"content":{"rendered":"<p style=\"text-align: justify;\"><span style=\"color: #000000;\"><strong>Durante los a\u00f1os venideros, VIM intensificar\u00e1 sus acciones de promoci\u00f3n en tres ejes fundamentales:<\/strong><\/span><\/p>\n<ol style=\"text-align: justify;\">\n<li><span style=\"color: #000000;\"><strong>Promoci\u00f3n de conciencia social (VIM en las calles)<\/strong><\/span><\/li>\n<li><span style=\"color: #000000;\"><strong>Promoci\u00f3n de participaci\u00f3n social (VIM en las Organizaciones de la Sociedad Civil)<\/strong><\/span><\/li>\n<li><span style=\"color: #000000;\"><strong>Promoci\u00f3n de la Convenci\u00f3n y la No Discriminaci\u00f3n (Incidencia P\u00fablica)<\/strong><\/span><\/li>\n<\/ol>\n<p style=\"text-align: justify;\"><span style=\"color: #000000;\"><strong>Estas acciones de promoci\u00f3n, de car\u00e1cter coyuntural, responden a tres realidades fundamentalmente:<\/strong><\/span><\/p>\n<ol>\n<li style=\"text-align: justify;\"><span style=\"color: #000000;\"><strong>La necesidad de<\/strong> <\/span><span style=\"color: #0000ff;\"><strong>abrir espacios de di\u00e1logo e interlocuci\u00f3n para el pujante Movimiento de Vida Independiente M\u00e9xico<\/strong><\/span> <strong><span style=\"color: #000000;\">para Personas con Discapacidad, que cuenta actualmente con m\u00e1s de 5 mil miembros en todo el pa\u00eds: PCD rehabilitadas y reintegradas a su comunidad.<\/span><\/strong><\/li>\n<li style=\"text-align: justify;\"><strong><span style=\"color: #000000;\">El pr\u00f3ximo proceso electoral en M\u00e9xico -y en otros pa\u00edses-, mismo que ofrece una oportunidad inmejorable para<\/span><\/strong> <span style=\"color: #0000ff;\"><strong>revisar y hacer avanzar la Agenda P\u00fablica de la Discapacidad:<\/strong><\/span> desde la visi\u00f3n y <span style=\"color: #000000;\"><strong>los aportes de VIM.<\/strong><\/span><\/li>\n<li style=\"text-align: justify;\"><strong>La importancia y trascendencia de dar a conocer y poner en pr\u00e1ctica la reciente<\/strong> <span style=\"color: #0000ff;\"><strong>Convenci\u00f3n sobre los Derechos de las Personas con Discapacidad<\/strong><\/span><span style=\"color: #000000;\"><strong>, desde una visi\u00f3n de responsabilidad que contribuya a su dinamismo y su puesta en marcha.<\/strong><\/span><\/li>\n<\/ol>\n","protected":false},"excerpt":{"rendered":"<p>Durante los a\u00f1os venideros, VIM intensificar\u00e1 sus acciones de promoci\u00f3n en tres ejes fundamentales: Promoci\u00f3n de conciencia social (VIM en las calles) Promoci\u00f3n de participaci\u00f3n social (VIM en las Organizaciones de la Sociedad Civil) Promoci\u00f3n de la Convenci\u00f3n y la No Discriminaci\u00f3n (Incidencia P\u00fablica) Estas acciones de promoci\u00f3n, de car\u00e1cter<a href=\"http:\/\/vidaindependientemexico.com\/?page_id=281\" class=\"read-more\">Read More<\/a><\/p>\n","protected":false},"author":3,"featured_media":3695,"parent":181,"menu_order":0,"comment_status":"closed","ping_status":"open","template":"","meta":{"ngg_post_thumbnail":0,"footnotes":""},"class_list":["post-281","page","type-page","status-publish","has-post-thumbnail","hentry"],"_links":{"self":[{"href":"http:\/\/vidaindependientemexico.com\/index.php?rest_route=\/wp\/v2\/pages\/281"}],"collection":[{"href":"http:\/\/vidaindependientemexico.com\/index.php?rest_route=\/wp\/v2\/pages"}],"about":[{"href":"http:\/\/vidaindependientemexico.com\/index.php?rest_route=\/wp\/v2\/types\/page"}],"author":[{"embeddable":true,"href":"http:\/\/vidaindependientemexico.com\/index.php?rest_route=\/wp\/v2\/users\/3"}],"replies":[{"embeddable":true,"href":"http:\/\/vidaindependientemexico.com\/index.php?rest_route=%2Fwp%2Fv2%2Fcomments&post=281"}],"version-history":[{"count":6,"href":"http:\/\/vidaindependientemexico.com\/index.php?rest_route=\/wp\/v2\/pages\/281\/revisions"}],"predecessor-version":[{"id":3694,"href":"http:\/\/vidaindependientemexico.com\/index.php?rest_route=\/wp\/v2\/pages\/281\/revisions\/3694"}],"up":[{"embeddable":true,"href":"http:\/\/vidaindependientemexico.com\/index.php?rest_route=\/wp\/v2\/pages\/181"}],"wp:featuredmedia":[{"embeddable":true,"href":"http:\/\/vidaindependientemexico.com\/index.php?rest_route=\/wp\/v2\/media\/3695"}],"wp:attachment":[{"href":"http:\/\/vidaindependientemexico.com\/index.php?rest_route=%2Fwp%2Fv2%2Fmedia&parent=281"}],"curies":[{"name":"wp","href":"https:\/\/api.w.org\/{rel}","templated":true}]}}

Actividades de promoción

<p style="text-align: justify;"><span style="color: #000000;"><strong>Durante los años venideros, VIM intensificará sus acciones de promoción en tres ejes fundamentales:</strong></span></p>
<ol style="text-align: justify;">
<li><span style="color: #000000;"><strong>Promoción de conciencia social (VIM en las calles)</strong></span></li>
<li><span style="color: #000000;"><strong>Promoción de participación social (VIM en las Organizaciones de la Sociedad Civil)</strong></span></li>
<li><span style="color: #000000;"><strong>Promoción de la Convención y la No Discriminación (Incidencia Pública)</strong></span></li>
</ol>
<p style="text-align: justify;"><span style="color: #000000;"><strong>Estas acciones de promoción, de carácter coyuntural, responden a tres realidades fundamentalmente:</strong></span></p>
<ol>
<li style="text-align: justify;"><span style="color: #000000;"><strong>La necesidad de</strong> </span><span style="color: #0000ff;"><strong>abrir espacios de diálogo e interlocución para el pujante Movimiento de Vida Independiente México</strong></span> <strong><span style="color: #000000;">para Personas con Discapacidad, que cuenta actualmente con más de 5 mil miembros en todo el país: PCD rehabilitadas y reintegradas a su comunidad.</span></strong></li>
<li style="text-align: justify;"><strong><span style="color: #000000;">El próximo proceso electoral en México -y en otros países-, mismo que ofrece una oportunidad inmejorable para</span></strong> <span style="color: #0000ff;"><strong>revisar y hacer avanzar la Agenda Pública de la Discapacidad:</strong></span> desde la visión y <span style="color: #000000;"><strong>los aportes de VIM.</strong></span></li>
<li style="text-align: justify;"><strong>La importancia y trascendencia de dar a conocer y poner en práctica la reciente</strong> <span style="color: #0000ff;"><strong>Convención sobre los Derechos de las Personas con Discapacidad</strong></span><span style="color: #000000;"><strong>, desde una visión de responsabilidad que contribuya a su dinamismo y su puesta en marcha.</strong></span></li>
</ol>

<p>Durante los años venideros, VIM intensificará sus acciones de promoción en tres ejes fundamentales: Promoción de conciencia social (VIM en las calles) Promoción de participación social (VIM en las Organizaciones de la Sociedad Civil) Promoción de la Convención y la No Discriminación (Incidencia Pública) Estas acciones de promoción, de carácter<a href="http://vidaindependientemexico.com/?page_id=281" class="read-more">Read More</a></p>
