{"id":495,"date":"2012-01-11T07:48:10","date_gmt":"2012-01-11T07:48:10","guid":{"rendered":"http:\/\/vidaindependientemexico.com\/?page_id=495"},"modified":"2020-09-30T05:27:13","modified_gmt":"2020-09-30T05:27:13","slug":"video-institucional","status":"publish","type":"page","link":"http:\/\/vidaindependientemexico.com\/?page_id=495","title":{"rendered":"Presentaci\u00f3n Institucional"},"content":{"rendered":"<p style=\"text-align: center;\"><span style=\"color: #000000;\"><b>Te compartimos la presentaci\u00f3n de la organizaci\u00f3n y al final del documento encontrar\u00e1s el link para descargarla en formato PDF<\/b><\/span><\/p>\n<p><img loading=\"lazy\" decoding=\"async\" class=\"aligncenter size-full wp-image-4633\" src=\"http:\/\/vidaindependientemexico.com\/wp-content\/uploads\/2020\/09\/Diapositiva1.jpg\" alt=\"\" width=\"1280\" height=\"720\" srcset=\"http:\/\/vidaindependientemexico.com\/wp-content\/uploads\/2020\/09\/Diapositiva1.jpg 1280w, http:\/\/vidaindependientemexico.com\/wp-content\/uploads\/2020\/09\/Diapositiva1-300x169.jpg 300w, http:\/\/vidaindependientemexico.com\/wp-content\/uploads\/2020\/09\/Diapositiva1-768x432.jpg 768w, http:\/\/vidaindependientemexico.com\/wp-content\/uploads\/2020\/09\/Diapositiva1-1024x576.jpg 1024w\" sizes=\"(max-width: 1280px) 100vw, 1280px\" \/> <img loading=\"lazy\" decoding=\"async\" class=\"aligncenter size-full wp-image-4634\" src=\"http:\/\/vidaindependientemexico.com\/wp-content\/uploads\/2020\/09\/Diapositiva2.jpg\" alt=\"\" width=\"1280\" height=\"720\" srcset=\"http:\/\/vidaindependientemexico.com\/wp-content\/uploads\/2020\/09\/Diapositiva2.jpg 1280w, http:\/\/vidaindependientemexico.com\/wp-content\/uploads\/2020\/09\/Diapositiva2-300x169.jpg 300w, http:\/\/vidaindependientemexico.com\/wp-content\/uploads\/2020\/09\/Diapositiva2-768x432.jpg 768w, http:\/\/vidaindependientemexico.com\/wp-content\/uploads\/2020\/09\/Diapositiva2-1024x576.jpg 1024w\" sizes=\"(max-width: 1280px) 100vw, 1280px\" \/> <img loading=\"lazy\" decoding=\"async\" class=\"aligncenter size-full wp-image-4635\" src=\"http:\/\/vidaindependientemexico.com\/wp-content\/uploads\/2020\/09\/Diapositiva3.jpg\" alt=\"\" width=\"1280\" height=\"720\" srcset=\"http:\/\/vidaindependientemexico.com\/wp-content\/uploads\/2020\/09\/Diapositiva3.jpg 1280w, http:\/\/vidaindependientemexico.com\/wp-content\/uploads\/2020\/09\/Diapositiva3-300x169.jpg 300w, http:\/\/vidaindependientemexico.com\/wp-content\/uploads\/2020\/09\/Diapositiva3-768x432.jpg 768w, http:\/\/vidaindependientemexico.com\/wp-content\/uploads\/2020\/09\/Diapositiva3-1024x576.jpg 1024w\" sizes=\"(max-width: 1280px) 100vw, 1280px\" \/> <img loading=\"lazy\" decoding=\"async\" class=\"aligncenter size-full wp-image-4636\" src=\"http:\/\/vidaindependientemexico.com\/wp-content\/uploads\/2020\/09\/Diapositiva4.jpg\" alt=\"\" width=\"1280\" height=\"720\" srcset=\"http:\/\/vidaindependientemexico.com\/wp-content\/uploads\/2020\/09\/Diapositiva4.jpg 1280w, http:\/\/vidaindependientemexico.com\/wp-content\/uploads\/2020\/09\/Diapositiva4-300x169.jpg 300w, http:\/\/vidaindependientemexico.com\/wp-content\/uploads\/2020\/09\/Diapositiva4-768x432.jpg 768w, http:\/\/vidaindependientemexico.com\/wp-content\/uploads\/2020\/09\/Diapositiva4-1024x576.jpg 1024w\" sizes=\"(max-width: 1280px) 100vw, 1280px\" \/> <img loading=\"lazy\" decoding=\"async\" class=\"aligncenter size-full wp-image-4637\" src=\"http:\/\/vidaindependientemexico.com\/wp-content\/uploads\/2020\/09\/Diapositiva5.jpg\" alt=\"\" width=\"1280\" height=\"720\" srcset=\"http:\/\/vidaindependientemexico.com\/wp-content\/uploads\/2020\/09\/Diapositiva5.jpg 1280w, http:\/\/vidaindependientemexico.com\/wp-content\/uploads\/2020\/09\/Diapositiva5-300x169.jpg 300w, http:\/\/vidaindependientemexico.com\/wp-content\/uploads\/2020\/09\/Diapositiva5-768x432.jpg 768w, http:\/\/vidaindependientemexico.com\/wp-content\/uploads\/2020\/09\/Diapositiva5-1024x576.jpg 1024w\" sizes=\"(max-width: 1280px) 100vw, 1280px\" \/> <img loading=\"lazy\" decoding=\"async\" class=\"aligncenter size-full wp-image-4638\" src=\"http:\/\/vidaindependientemexico.com\/wp-content\/uploads\/2020\/09\/Diapositiva6.jpg\" alt=\"\" width=\"1280\" height=\"720\" srcset=\"http:\/\/vidaindependientemexico.com\/wp-content\/uploads\/2020\/09\/Diapositiva6.jpg 1280w, http:\/\/vidaindependientemexico.com\/wp-content\/uploads\/2020\/09\/Diapositiva6-300x169.jpg 300w, http:\/\/vidaindependientemexico.com\/wp-content\/uploads\/2020\/09\/Diapositiva6-768x432.jpg 768w, http:\/\/vidaindependientemexico.com\/wp-content\/uploads\/2020\/09\/Diapositiva6-1024x576.jpg 1024w\" sizes=\"(max-width: 1280px) 100vw, 1280px\" \/> <img loading=\"lazy\" decoding=\"async\" class=\"aligncenter size-full wp-image-4639\" src=\"http:\/\/vidaindependientemexico.com\/wp-content\/uploads\/2020\/09\/Diapositiva7.jpg\" alt=\"\" width=\"1280\" height=\"720\" srcset=\"http:\/\/vidaindependientemexico.com\/wp-content\/uploads\/2020\/09\/Diapositiva7.jpg 1280w, http:\/\/vidaindependientemexico.com\/wp-content\/uploads\/2020\/09\/Diapositiva7-300x169.jpg 300w, http:\/\/vidaindependientemexico.com\/wp-content\/uploads\/2020\/09\/Diapositiva7-768x432.jpg 768w, http:\/\/vidaindependientemexico.com\/wp-content\/uploads\/2020\/09\/Diapositiva7-1024x576.jpg 1024w\" sizes=\"(max-width: 1280px) 100vw, 1280px\" \/> <img loading=\"lazy\" decoding=\"async\" class=\"aligncenter size-full wp-image-4640\" src=\"http:\/\/vidaindependientemexico.com\/wp-content\/uploads\/2020\/09\/Diapositiva8.jpg\" alt=\"\" width=\"1280\" height=\"720\" srcset=\"http:\/\/vidaindependientemexico.com\/wp-content\/uploads\/2020\/09\/Diapositiva8.jpg 1280w, http:\/\/vidaindependientemexico.com\/wp-content\/uploads\/2020\/09\/Diapositiva8-300x169.jpg 300w, http:\/\/vidaindependientemexico.com\/wp-content\/uploads\/2020\/09\/Diapositiva8-768x432.jpg 768w, http:\/\/vidaindependientemexico.com\/wp-content\/uploads\/2020\/09\/Diapositiva8-1024x576.jpg 1024w\" sizes=\"(max-width: 1280px) 100vw, 1280px\" \/> <img loading=\"lazy\" decoding=\"async\" class=\"aligncenter size-full wp-image-4641\" src=\"http:\/\/vidaindependientemexico.com\/wp-content\/uploads\/2020\/09\/Diapositiva9.jpg\" alt=\"\" width=\"1280\" height=\"720\" srcset=\"http:\/\/vidaindependientemexico.com\/wp-content\/uploads\/2020\/09\/Diapositiva9.jpg 1280w, http:\/\/vidaindependientemexico.com\/wp-content\/uploads\/2020\/09\/Diapositiva9-300x169.jpg 300w, http:\/\/vidaindependientemexico.com\/wp-content\/uploads\/2020\/09\/Diapositiva9-768x432.jpg 768w, http:\/\/vidaindependientemexico.com\/wp-content\/uploads\/2020\/09\/Diapositiva9-1024x576.jpg 1024w\" sizes=\"(max-width: 1280px) 100vw, 1280px\" \/> <img loading=\"lazy\" decoding=\"async\" class=\"aligncenter size-full wp-image-4642\" src=\"http:\/\/vidaindependientemexico.com\/wp-content\/uploads\/2020\/09\/Diapositiva10.jpg\" alt=\"\" width=\"1280\" height=\"720\" srcset=\"http:\/\/vidaindependientemexico.com\/wp-content\/uploads\/2020\/09\/Diapositiva10.jpg 1280w, http:\/\/vidaindependientemexico.com\/wp-content\/uploads\/2020\/09\/Diapositiva10-300x169.jpg 300w, http:\/\/vidaindependientemexico.com\/wp-content\/uploads\/2020\/09\/Diapositiva10-768x432.jpg 768w, http:\/\/vidaindependientemexico.com\/wp-content\/uploads\/2020\/09\/Diapositiva10-1024x576.jpg 1024w\" sizes=\"(max-width: 1280px) 100vw, 1280px\" \/> <img loading=\"lazy\" decoding=\"async\" class=\"aligncenter size-full wp-image-4643\" src=\"http:\/\/vidaindependientemexico.com\/wp-content\/uploads\/2020\/09\/Diapositiva11.jpg\" alt=\"\" width=\"1280\" height=\"720\" srcset=\"http:\/\/vidaindependientemexico.com\/wp-content\/uploads\/2020\/09\/Diapositiva11.jpg 1280w, http:\/\/vidaindependientemexico.com\/wp-content\/uploads\/2020\/09\/Diapositiva11-300x169.jpg 300w, http:\/\/vidaindependientemexico.com\/wp-content\/uploads\/2020\/09\/Diapositiva11-768x432.jpg 768w, http:\/\/vidaindependientemexico.com\/wp-content\/uploads\/2020\/09\/Diapositiva11-1024x576.jpg 1024w\" sizes=\"(max-width: 1280px) 100vw, 1280px\" \/> <img loading=\"lazy\" decoding=\"async\" class=\"aligncenter size-full wp-image-4644\" src=\"http:\/\/vidaindependientemexico.com\/wp-content\/uploads\/2020\/09\/Diapositiva12.jpg\" alt=\"\" width=\"1280\" height=\"720\" srcset=\"http:\/\/vidaindependientemexico.com\/wp-content\/uploads\/2020\/09\/Diapositiva12.jpg 1280w, http:\/\/vidaindependientemexico.com\/wp-content\/uploads\/2020\/09\/Diapositiva12-300x169.jpg 300w, http:\/\/vidaindependientemexico.com\/wp-content\/uploads\/2020\/09\/Diapositiva12-768x432.jpg 768w, http:\/\/vidaindependientemexico.com\/wp-content\/uploads\/2020\/09\/Diapositiva12-1024x576.jpg 1024w\" sizes=\"(max-width: 1280px) 100vw, 1280px\" \/> <img loading=\"lazy\" decoding=\"async\" class=\"aligncenter size-full wp-image-4645\" src=\"http:\/\/vidaindependientemexico.com\/wp-content\/uploads\/2020\/09\/Diapositiva13.jpg\" alt=\"\" width=\"1280\" height=\"720\" srcset=\"http:\/\/vidaindependientemexico.com\/wp-content\/uploads\/2020\/09\/Diapositiva13.jpg 1280w, http:\/\/vidaindependientemexico.com\/wp-content\/uploads\/2020\/09\/Diapositiva13-300x169.jpg 300w, http:\/\/vidaindependientemexico.com\/wp-content\/uploads\/2020\/09\/Diapositiva13-768x432.jpg 768w, http:\/\/vidaindependientemexico.com\/wp-content\/uploads\/2020\/09\/Diapositiva13-1024x576.jpg 1024w\" sizes=\"(max-width: 1280px) 100vw, 1280px\" \/> <img loading=\"lazy\" decoding=\"async\" class=\"aligncenter size-full wp-image-4646\" src=\"http:\/\/vidaindependientemexico.com\/wp-content\/uploads\/2020\/09\/Diapositiva14.jpg\" alt=\"\" width=\"1280\" height=\"720\" srcset=\"http:\/\/vidaindependientemexico.com\/wp-content\/uploads\/2020\/09\/Diapositiva14.jpg 1280w, http:\/\/vidaindependientemexico.com\/wp-content\/uploads\/2020\/09\/Diapositiva14-300x169.jpg 300w, http:\/\/vidaindependientemexico.com\/wp-content\/uploads\/2020\/09\/Diapositiva14-768x432.jpg 768w, http:\/\/vidaindependientemexico.com\/wp-content\/uploads\/2020\/09\/Diapositiva14-1024x576.jpg 1024w\" sizes=\"(max-width: 1280px) 100vw, 1280px\" \/> <img loading=\"lazy\" decoding=\"async\" class=\"aligncenter size-full wp-image-4647\" src=\"http:\/\/vidaindependientemexico.com\/wp-content\/uploads\/2020\/09\/Diapositiva15.jpg\" alt=\"\" width=\"1280\" height=\"720\" srcset=\"http:\/\/vidaindependientemexico.com\/wp-content\/uploads\/2020\/09\/Diapositiva15.jpg 1280w, http:\/\/vidaindependientemexico.com\/wp-content\/uploads\/2020\/09\/Diapositiva15-300x169.jpg 300w, http:\/\/vidaindependientemexico.com\/wp-content\/uploads\/2020\/09\/Diapositiva15-768x432.jpg 768w, http:\/\/vidaindependientemexico.com\/wp-content\/uploads\/2020\/09\/Diapositiva15-1024x576.jpg 1024w\" sizes=\"(max-width: 1280px) 100vw, 1280px\" \/> <img loading=\"lazy\" decoding=\"async\" class=\"aligncenter size-full wp-image-4648\" src=\"http:\/\/vidaindependientemexico.com\/wp-content\/uploads\/2020\/09\/Diapositiva16.jpg\" alt=\"\" width=\"1280\" height=\"720\" srcset=\"http:\/\/vidaindependientemexico.com\/wp-content\/uploads\/2020\/09\/Diapositiva16.jpg 1280w, http:\/\/vidaindependientemexico.com\/wp-content\/uploads\/2020\/09\/Diapositiva16-300x169.jpg 300w, http:\/\/vidaindependientemexico.com\/wp-content\/uploads\/2020\/09\/Diapositiva16-768x432.jpg 768w, http:\/\/vidaindependientemexico.com\/wp-content\/uploads\/2020\/09\/Diapositiva16-1024x576.jpg 1024w\" sizes=\"(max-width: 1280px) 100vw, 1280px\" \/> <img loading=\"lazy\" decoding=\"async\" class=\"aligncenter size-full wp-image-4649\" src=\"http:\/\/vidaindependientemexico.com\/wp-content\/uploads\/2020\/09\/Diapositiva17.jpg\" alt=\"\" width=\"1280\" height=\"720\" srcset=\"http:\/\/vidaindependientemexico.com\/wp-content\/uploads\/2020\/09\/Diapositiva17.jpg 1280w, http:\/\/vidaindependientemexico.com\/wp-content\/uploads\/2020\/09\/Diapositiva17-300x169.jpg 300w, http:\/\/vidaindependientemexico.com\/wp-content\/uploads\/2020\/09\/Diapositiva17-768x432.jpg 768w, http:\/\/vidaindependientemexico.com\/wp-content\/uploads\/2020\/09\/Diapositiva17-1024x576.jpg 1024w\" sizes=\"(max-width: 1280px) 100vw, 1280px\" \/> <img loading=\"lazy\" decoding=\"async\" class=\"aligncenter size-full wp-image-4650\" src=\"http:\/\/vidaindependientemexico.com\/wp-content\/uploads\/2020\/09\/Diapositiva18.jpg\" alt=\"\" width=\"1280\" height=\"720\" srcset=\"http:\/\/vidaindependientemexico.com\/wp-content\/uploads\/2020\/09\/Diapositiva18.jpg 1280w, http:\/\/vidaindependientemexico.com\/wp-content\/uploads\/2020\/09\/Diapositiva18-300x169.jpg 300w, http:\/\/vidaindependientemexico.com\/wp-content\/uploads\/2020\/09\/Diapositiva18-768x432.jpg 768w, http:\/\/vidaindependientemexico.com\/wp-content\/uploads\/2020\/09\/Diapositiva18-1024x576.jpg 1024w\" sizes=\"(max-width: 1280px) 100vw, 1280px\" \/> <img loading=\"lazy\" decoding=\"async\" class=\"aligncenter size-full wp-image-4651\" src=\"http:\/\/vidaindependientemexico.com\/wp-content\/uploads\/2020\/09\/Diapositiva19.jpg\" alt=\"\" width=\"1280\" height=\"720\" srcset=\"http:\/\/vidaindependientemexico.com\/wp-content\/uploads\/2020\/09\/Diapositiva19.jpg 1280w, http:\/\/vidaindependientemexico.com\/wp-content\/uploads\/2020\/09\/Diapositiva19-300x169.jpg 300w, http:\/\/vidaindependientemexico.com\/wp-content\/uploads\/2020\/09\/Diapositiva19-768x432.jpg 768w, http:\/\/vidaindependientemexico.com\/wp-content\/uploads\/2020\/09\/Diapositiva19-1024x576.jpg 1024w\" sizes=\"(max-width: 1280px) 100vw, 1280px\" \/> <img loading=\"lazy\" decoding=\"async\" class=\"aligncenter size-full wp-image-4652\" src=\"http:\/\/vidaindependientemexico.com\/wp-content\/uploads\/2020\/09\/Diapositiva20.jpg\" alt=\"\" width=\"1280\" height=\"720\" srcset=\"http:\/\/vidaindependientemexico.com\/wp-content\/uploads\/2020\/09\/Diapositiva20.jpg 1280w, http:\/\/vidaindependientemexico.com\/wp-content\/uploads\/2020\/09\/Diapositiva20-300x169.jpg 300w, http:\/\/vidaindependientemexico.com\/wp-content\/uploads\/2020\/09\/Diapositiva20-768x432.jpg 768w, http:\/\/vidaindependientemexico.com\/wp-content\/uploads\/2020\/09\/Diapositiva20-1024x576.jpg 1024w\" sizes=\"(max-width: 1280px) 100vw, 1280px\" \/> <img loading=\"lazy\" decoding=\"async\" class=\"aligncenter size-full wp-image-4653\" src=\"http:\/\/vidaindependientemexico.com\/wp-content\/uploads\/2020\/09\/Diapositiva21.jpg\" alt=\"\" width=\"1280\" height=\"720\" srcset=\"http:\/\/vidaindependientemexico.com\/wp-content\/uploads\/2020\/09\/Diapositiva21.jpg 1280w, http:\/\/vidaindependientemexico.com\/wp-content\/uploads\/2020\/09\/Diapositiva21-300x169.jpg 300w, http:\/\/vidaindependientemexico.com\/wp-content\/uploads\/2020\/09\/Diapositiva21-768x432.jpg 768w, http:\/\/vidaindependientemexico.com\/wp-content\/uploads\/2020\/09\/Diapositiva21-1024x576.jpg 1024w\" sizes=\"(max-width: 1280px) 100vw, 1280px\" \/> <img loading=\"lazy\" decoding=\"async\" class=\"aligncenter size-full wp-image-4654\" src=\"http:\/\/vidaindependientemexico.com\/wp-content\/uploads\/2020\/09\/Diapositiva22.jpg\" alt=\"\" width=\"1280\" height=\"720\" srcset=\"http:\/\/vidaindependientemexico.com\/wp-content\/uploads\/2020\/09\/Diapositiva22.jpg 1280w, http:\/\/vidaindependientemexico.com\/wp-content\/uploads\/2020\/09\/Diapositiva22-300x169.jpg 300w, http:\/\/vidaindependientemexico.com\/wp-content\/uploads\/2020\/09\/Diapositiva22-768x432.jpg 768w, http:\/\/vidaindependientemexico.com\/wp-content\/uploads\/2020\/09\/Diapositiva22-1024x576.jpg 1024w\" sizes=\"(max-width: 1280px) 100vw, 1280px\" \/> <img loading=\"lazy\" decoding=\"async\" class=\"aligncenter size-full wp-image-4655\" src=\"http:\/\/vidaindependientemexico.com\/wp-content\/uploads\/2020\/09\/Diapositiva23.jpg\" alt=\"\" width=\"1280\" height=\"720\" srcset=\"http:\/\/vidaindependientemexico.com\/wp-content\/uploads\/2020\/09\/Diapositiva23.jpg 1280w, http:\/\/vidaindependientemexico.com\/wp-content\/uploads\/2020\/09\/Diapositiva23-300x169.jpg 300w, http:\/\/vidaindependientemexico.com\/wp-content\/uploads\/2020\/09\/Diapositiva23-768x432.jpg 768w, http:\/\/vidaindependientemexico.com\/wp-content\/uploads\/2020\/09\/Diapositiva23-1024x576.jpg 1024w\" sizes=\"(max-width: 1280px) 100vw, 1280px\" \/> <img loading=\"lazy\" decoding=\"async\" class=\"aligncenter size-full wp-image-4656\" src=\"http:\/\/vidaindependientemexico.com\/wp-content\/uploads\/2020\/09\/Diapositiva24.jpg\" alt=\"\" width=\"1280\" height=\"720\" srcset=\"http:\/\/vidaindependientemexico.com\/wp-content\/uploads\/2020\/09\/Diapositiva24.jpg 1280w, http:\/\/vidaindependientemexico.com\/wp-content\/uploads\/2020\/09\/Diapositiva24-300x169.jpg 300w, http:\/\/vidaindependientemexico.com\/wp-content\/uploads\/2020\/09\/Diapositiva24-768x432.jpg 768w, http:\/\/vidaindependientemexico.com\/wp-content\/uploads\/2020\/09\/Diapositiva24-1024x576.jpg 1024w\" sizes=\"(max-width: 1280px) 100vw, 1280px\" \/> <img loading=\"lazy\" decoding=\"async\" class=\"aligncenter size-full wp-image-4657\" src=\"http:\/\/vidaindependientemexico.com\/wp-content\/uploads\/2020\/09\/Diapositiva25.jpg\" alt=\"\" width=\"1280\" height=\"720\" srcset=\"http:\/\/vidaindependientemexico.com\/wp-content\/uploads\/2020\/09\/Diapositiva25.jpg 1280w, http:\/\/vidaindependientemexico.com\/wp-content\/uploads\/2020\/09\/Diapositiva25-300x169.jpg 300w, http:\/\/vidaindependientemexico.com\/wp-content\/uploads\/2020\/09\/Diapositiva25-768x432.jpg 768w, http:\/\/vidaindependientemexico.com\/wp-content\/uploads\/2020\/09\/Diapositiva25-1024x576.jpg 1024w\" sizes=\"(max-width: 1280px) 100vw, 1280px\" \/> <img loading=\"lazy\" decoding=\"async\" class=\"aligncenter size-full wp-image-4658\" src=\"http:\/\/vidaindependientemexico.com\/wp-content\/uploads\/2020\/09\/Diapositiva26.jpg\" alt=\"\" width=\"1280\" height=\"720\" srcset=\"http:\/\/vidaindependientemexico.com\/wp-content\/uploads\/2020\/09\/Diapositiva26.jpg 1280w, http:\/\/vidaindependientemexico.com\/wp-content\/uploads\/2020\/09\/Diapositiva26-300x169.jpg 300w, http:\/\/vidaindependientemexico.com\/wp-content\/uploads\/2020\/09\/Diapositiva26-768x432.jpg 768w, http:\/\/vidaindependientemexico.com\/wp-content\/uploads\/2020\/09\/Diapositiva26-1024x576.jpg 1024w\" sizes=\"(max-width: 1280px) 100vw, 1280px\" \/> <img loading=\"lazy\" decoding=\"async\" class=\"aligncenter size-full wp-image-4659\" src=\"http:\/\/vidaindependientemexico.com\/wp-content\/uploads\/2020\/09\/Diapositiva27.jpg\" alt=\"\" width=\"1280\" height=\"720\" srcset=\"http:\/\/vidaindependientemexico.com\/wp-content\/uploads\/2020\/09\/Diapositiva27.jpg 1280w, http:\/\/vidaindependientemexico.com\/wp-content\/uploads\/2020\/09\/Diapositiva27-300x169.jpg 300w, http:\/\/vidaindependientemexico.com\/wp-content\/uploads\/2020\/09\/Diapositiva27-768x432.jpg 768w, http:\/\/vidaindependientemexico.com\/wp-content\/uploads\/2020\/09\/Diapositiva27-1024x576.jpg 1024w\" sizes=\"(max-width: 1280px) 100vw, 1280px\" \/> <img loading=\"lazy\" decoding=\"async\" class=\"aligncenter size-full wp-image-4660\" src=\"http:\/\/vidaindependientemexico.com\/wp-content\/uploads\/2020\/09\/Diapositiva28.jpg\" alt=\"\" width=\"1280\" height=\"720\" srcset=\"http:\/\/vidaindependientemexico.com\/wp-content\/uploads\/2020\/09\/Diapositiva28.jpg 1280w, http:\/\/vidaindependientemexico.com\/wp-content\/uploads\/2020\/09\/Diapositiva28-300x169.jpg 300w, http:\/\/vidaindependientemexico.com\/wp-content\/uploads\/2020\/09\/Diapositiva28-768x432.jpg 768w, http:\/\/vidaindependientemexico.com\/wp-content\/uploads\/2020\/09\/Diapositiva28-1024x576.jpg 1024w\" sizes=\"(max-width: 1280px) 100vw, 1280px\" \/><\/p>\n<p>&nbsp;<\/p>\n<h3 style=\"text-align: center;\">Para descargar la presentaci\u00f3n en formato PDF&nbsp;<a href=\"https:\/\/drive.google.com\/file\/d\/1Nw0KqhoroLbot3yU_ONVaxiHkRUMmjFS\/view?usp=sharing\">Da click aqu\u00ed<\/a><\/h3>\n<p>&nbsp;<\/p>\n","protected":false},"excerpt":{"rendered":"<p>Te compartimos la presentaci\u00f3n de la organizaci\u00f3n y al final del documento encontrar\u00e1s el link para descargarla en formato PDF &nbsp; Para descargar la presentaci\u00f3n en formato PDF&nbsp;Da click aqu\u00ed &nbsp;<\/p>\n","protected":false},"author":3,"featured_media":0,"parent":173,"menu_order":0,"comment_status":"closed","ping_status":"closed","template":"","meta":{"ngg_post_thumbnail":0,"footnotes":""},"class_list":["post-495","page","type-page","status-publish","hentry"],"_links":{"self":[{"href":"http:\/\/vidaindependientemexico.com\/index.php?rest_route=\/wp\/v2\/pages\/495"}],"collection":[{"href":"http:\/\/vidaindependientemexico.com\/index.php?rest_route=\/wp\/v2\/pages"}],"about":[{"href":"http:\/\/vidaindependientemexico.com\/index.php?rest_route=\/wp\/v2\/types\/page"}],"author":[{"embeddable":true,"href":"http:\/\/vidaindependientemexico.com\/index.php?rest_route=\/wp\/v2\/users\/3"}],"replies":[{"embeddable":true,"href":"http:\/\/vidaindependientemexico.com\/index.php?rest_route=%2Fwp%2Fv2%2Fcomments&post=495"}],"version-history":[{"count":29,"href":"http:\/\/vidaindependientemexico.com\/index.php?rest_route=\/wp\/v2\/pages\/495\/revisions"}],"predecessor-version":[{"id":4662,"href":"http:\/\/vidaindependientemexico.com\/index.php?rest_route=\/wp\/v2\/pages\/495\/revisions\/4662"}],"up":[{"embeddable":true,"href":"http:\/\/vidaindependientemexico.com\/index.php?rest_route=\/wp\/v2\/pages\/173"}],"wp:attachment":[{"href":"http:\/\/vidaindependientemexico.com\/index.php?rest_route=%2Fwp%2Fv2%2Fmedia&parent=495"}],"curies":[{"name":"wp","href":"https:\/\/api.w.org\/{rel}","templated":true}]}}