{"id":218,"date":"2012-01-09T23:09:37","date_gmt":"2012-01-09T23:09:37","guid":{"rendered":"http:\/\/vidaindependientemexico.com\/?page_id=218"},"modified":"2023-07-24T19:39:37","modified_gmt":"2023-07-24T19:39:37","slug":"vision-y-mision","status":"publish","type":"page","link":"https:\/\/vidaindependientemexico.com\/?page_id=218","title":{"rendered":"Visi\u00f3n y Misi\u00f3n"},"content":{"rendered":"<h2 style=\"text-align: center;\"><strong><span style=\"color: #000000;\">MISI\u00d3N<\/span><\/strong><\/h2>\n<p style=\"text-align: center;\"><span style=\"color: #000000;\">Integrar social y laboralmente a las personas usuarias de sillas de ruedas a trav\u00e9s de una rehabilitaci\u00f3n integral; a fin de que puedan ejercer su liderazgo social en el mundo<\/span><\/p>\n<h3 style=\"text-align: center;\">&nbsp;<\/h3>\n<h2 style=\"text-align: center;\"><strong><span style=\"color: #000000;\">VISI\u00d3N<\/span><\/strong><\/h2>\n<p style=\"text-align: center;\"><span style=\"color: #000000;\">Crear un paradigma en el cual, las personas con discapacidad, sean parte importante de la sociedad mexicana<\/span><\/p>\n<p><img loading=\"lazy\" decoding=\"async\" class=\" wp-image-4254 aligncenter\" src=\"http:\/\/vidaindependientemexico.com\/wp-content\/uploads\/2019\/06\/DSC_0243-min.jpg\" alt=\"\" width=\"1005\" height=\"673\" srcset=\"https:\/\/vidaindependientemexico.com\/wp-content\/uploads\/2019\/06\/DSC_0243-min.jpg 3872w, https:\/\/vidaindependientemexico.com\/wp-content\/uploads\/2019\/06\/DSC_0243-min-300x201.jpg 300w, https:\/\/vidaindependientemexico.com\/wp-content\/uploads\/2019\/06\/DSC_0243-min-768x514.jpg 768w, https:\/\/vidaindependientemexico.com\/wp-content\/uploads\/2019\/06\/DSC_0243-min-1024x685.jpg 1024w\" sizes=\"(max-width: 1005px) 100vw, 1005px\" \/><\/p>\n","protected":false},"excerpt":{"rendered":"<p>MISI\u00d3N Integrar social y laboralmente a las personas usuarias de sillas de ruedas a trav\u00e9s de una rehabilitaci\u00f3n integral; a fin de que puedan ejercer su liderazgo social en el mundo &nbsp; VISI\u00d3N Crear un paradigma en el cual, las personas con discapacidad, sean parte importante de la sociedad mexicana<\/p>\n","protected":false},"author":3,"featured_media":3801,"parent":173,"menu_order":0,"comment_status":"closed","ping_status":"closed","template":"","meta":{"ngg_post_thumbnail":0,"footnotes":""},"class_list":["post-218","page","type-page","status-publish","has-post-thumbnail","hentry"],"_links":{"self":[{"href":"https:\/\/vidaindependientemexico.com\/index.php?rest_route=\/wp\/v2\/pages\/218"}],"collection":[{"href":"https:\/\/vidaindependientemexico.com\/index.php?rest_route=\/wp\/v2\/pages"}],"about":[{"href":"https:\/\/vidaindependientemexico.com\/index.php?rest_route=\/wp\/v2\/types\/page"}],"author":[{"embeddable":true,"href":"https:\/\/vidaindependientemexico.com\/index.php?rest_route=\/wp\/v2\/users\/3"}],"replies":[{"embeddable":true,"href":"https:\/\/vidaindependientemexico.com\/index.php?rest_route=%2Fwp%2Fv2%2Fcomments&post=218"}],"version-history":[{"count":23,"href":"https:\/\/vidaindependientemexico.com\/index.php?rest_route=\/wp\/v2\/pages\/218\/revisions"}],"predecessor-version":[{"id":4908,"href":"https:\/\/vidaindependientemexico.com\/index.php?rest_route=\/wp\/v2\/pages\/218\/revisions\/4908"}],"up":[{"embeddable":true,"href":"https:\/\/vidaindependientemexico.com\/index.php?rest_route=\/wp\/v2\/pages\/173"}],"wp:featuredmedia":[{"embeddable":true,"href":"https:\/\/vidaindependientemexico.com\/index.php?rest_route=\/wp\/v2\/media\/3801"}],"wp:attachment":[{"href":"https:\/\/vidaindependientemexico.com\/index.php?rest_route=%2Fwp%2Fv2%2Fmedia&parent=218"}],"curies":[{"name":"wp","href":"https:\/\/api.w.org\/{rel}","templated":true}]}}

Visión y Misión

<h2 style="text-align: center;"><strong><span style="color: #000000;">MISIÓN</span></strong></h2>
<p style="text-align: center;"><span style="color: #000000;">Integrar social y laboralmente a las personas usuarias de sillas de ruedas a través de una rehabilitación integral; a fin de que puedan ejercer su liderazgo social en el mundo</span></p>
<h3 style="text-align: center;">&nbsp;</h3>
<h2 style="text-align: center;"><strong><span style="color: #000000;">VISIÓN</span></strong></h2>
<p style="text-align: center;"><span style="color: #000000;">Crear un paradigma en el cual, las personas con discapacidad, sean parte importante de la sociedad mexicana</span></p>
<p><img loading="lazy" decoding="async" class=" wp-image-4254 aligncenter" src="http://vidaindependientemexico.com/wp-content/uploads/2019/06/DSC_0243-min.jpg" alt="" width="1005" height="673" srcset="https://vidaindependientemexico.com/wp-content/uploads/2019/06/DSC_0243-min.jpg 3872w, https://vidaindependientemexico.com/wp-content/uploads/2019/06/DSC_0243-min-300x201.jpg 300w, https://vidaindependientemexico.com/wp-content/uploads/2019/06/DSC_0243-min-768x514.jpg 768w, https://vidaindependientemexico.com/wp-content/uploads/2019/06/DSC_0243-min-1024x685.jpg 1024w" sizes="(max-width: 1005px) 100vw, 1005px" /></p>

<p>MISIÓN Integrar social y laboralmente a las personas usuarias de sillas de ruedas a través de una rehabilitación integral; a fin de que puedan ejercer su liderazgo social en el mundo &nbsp; VISIÓN Crear un paradigma en el cual, las personas con discapacidad, sean parte importante de la sociedad mexicana</p>
