{"id":290,"date":"2012-01-10T00:08:37","date_gmt":"2012-01-10T00:08:37","guid":{"rendered":"http:\/\/vidaindependientemexico.com\/?page_id=290"},"modified":"2019-01-03T17:18:03","modified_gmt":"2019-01-03T17:18:03","slug":"promocion-de-la-convencion-y-la-no-discriminacion-incidencia-publica","status":"publish","type":"page","link":"https:\/\/vidaindependientemexico.com\/?page_id=290","title":{"rendered":"Promoci\u00f3n de la convenci\u00f3n  y la no discriminaci\u00f3n  (incidencia p\u00fablica)"},"content":{"rendered":"<p style=\"text-align: justify;\"><span style=\"color: #000000;\"><strong>Dos millones de personas dispuestas y motivadas a cumplir su deber de ciudadanas del mundo para contribuir a la rehabilitaci\u00f3n de su propia comunidad y ganarse adem\u00e1s su derecho a la vida y a la paz, pueden llegar a convertirse en eficaces promotoras de la Convenci\u00f3n (CDPD) y la no discriminaci\u00f3n; o, al menos, de las responsabilidades y deberes humanos contenidos en este sitio.<\/strong><\/span><\/p>\n<p><iframe loading=\"lazy\" src=\"https:\/\/www.youtube.com\/embed\/PVO7V_PKqg4\" width=\"700\" height=\"400\" frameborder=\"0\" allowfullscreen=\"allowfullscreen\"><span data-mce-type=\"bookmark\" style=\"display: inline-block; width: 0px; overflow: hidden; line-height: 0;\" class=\"mce_SELRES_start\">?<\/span><span data-mce-type=\"bookmark\" style=\"display: inline-block; width: 0px; overflow: hidden; line-height: 0;\" class=\"mce_SELRES_start\">?<\/span><span data-mce-type=\"bookmark\" style=\"display: inline-block; width: 0px; overflow: hidden; line-height: 0;\" class=\"mce_SELRES_start\">?<\/span><\/iframe><\/p>\n<hr>\n<p><iframe loading=\"lazy\" src=\"https:\/\/www.youtube.com\/embed\/sMJKMv39NdM\" width=\"700\" height=\"400\" frameborder=\"0\" allowfullscreen=\"allowfullscreen\"><span data-mce-type=\"bookmark\" style=\"display: inline-block; width: 0px; overflow: hidden; line-height: 0;\" class=\"mce_SELRES_start\">?<\/span><\/iframe><\/p>\n<hr>\n<p><iframe loading=\"lazy\" style=\"border: none; overflow: hidden;\" src=\"https:\/\/www.facebook.com\/plugins\/video.php?href=https%3A%2F%2Fwww.facebook.com%2Fdifdurango%2Fvideos%2F1398315840206346%2F&amp;show_text=0&amp;width=560\" width=\"700\" height=\"315\" frameborder=\"0\" scrolling=\"no\" allowfullscreen=\"allowfullscreen\"><span data-mce-type=\"bookmark\" style=\"display: inline-block; width: 0px; overflow: hidden; line-height: 0;\" class=\"mce_SELRES_start\">?<\/span><span data-mce-type=\"bookmark\" style=\"display: inline-block; width: 0px; overflow: hidden; line-height: 0;\" class=\"mce_SELRES_start\">?<\/span><\/iframe><\/p>\n<hr>\n<p><iframe loading=\"lazy\" src=\"https:\/\/www.youtube.com\/embed\/7G3bMoIyK34\" width=\"700\" height=\"315\" frameborder=\"0\" allowfullscreen=\"allowfullscreen\"><\/iframe><br \/>\n&nbsp;<\/p>\n","protected":false},"excerpt":{"rendered":"<p>Dos millones de personas dispuestas y motivadas a cumplir su deber de ciudadanas del mundo para contribuir a la rehabilitaci\u00f3n de su propia comunidad y ganarse adem\u00e1s su derecho a la vida y a la paz, pueden llegar a convertirse en eficaces promotoras de la Convenci\u00f3n (CDPD) y la no<a href=\"https:\/\/vidaindependientemexico.com\/?page_id=290\" class=\"read-more\">Read More<\/a><\/p>\n","protected":false},"author":3,"featured_media":3765,"parent":281,"menu_order":0,"comment_status":"closed","ping_status":"open","template":"","meta":{"ngg_post_thumbnail":0,"footnotes":""},"class_list":["post-290","page","type-page","status-publish","has-post-thumbnail","hentry"],"_links":{"self":[{"href":"https:\/\/vidaindependientemexico.com\/index.php?rest_route=\/wp\/v2\/pages\/290"}],"collection":[{"href":"https:\/\/vidaindependientemexico.com\/index.php?rest_route=\/wp\/v2\/pages"}],"about":[{"href":"https:\/\/vidaindependientemexico.com\/index.php?rest_route=\/wp\/v2\/types\/page"}],"author":[{"embeddable":true,"href":"https:\/\/vidaindependientemexico.com\/index.php?rest_route=\/wp\/v2\/users\/3"}],"replies":[{"embeddable":true,"href":"https:\/\/vidaindependientemexico.com\/index.php?rest_route=%2Fwp%2Fv2%2Fcomments&post=290"}],"version-history":[{"count":12,"href":"https:\/\/vidaindependientemexico.com\/index.php?rest_route=\/wp\/v2\/pages\/290\/revisions"}],"predecessor-version":[{"id":3766,"href":"https:\/\/vidaindependientemexico.com\/index.php?rest_route=\/wp\/v2\/pages\/290\/revisions\/3766"}],"up":[{"embeddable":true,"href":"https:\/\/vidaindependientemexico.com\/index.php?rest_route=\/wp\/v2\/pages\/281"}],"wp:featuredmedia":[{"embeddable":true,"href":"https:\/\/vidaindependientemexico.com\/index.php?rest_route=\/wp\/v2\/media\/3765"}],"wp:attachment":[{"href":"https:\/\/vidaindependientemexico.com\/index.php?rest_route=%2Fwp%2Fv2%2Fmedia&parent=290"}],"curies":[{"name":"wp","href":"https:\/\/api.w.org\/{rel}","templated":true}]}}