{"id":385,"date":"2012-01-10T04:37:40","date_gmt":"2012-01-10T04:37:40","guid":{"rendered":"http:\/\/vidaindependientemexico.com\/?page_id=385"},"modified":"2019-06-27T22:47:14","modified_gmt":"2019-06-27T22:47:14","slug":"historia","status":"publish","type":"page","link":"https:\/\/vidaindependientemexico.com\/?page_id=385","title":{"rendered":"Modelo y Filosof\u00eda Vida Independiente"},"content":{"rendered":"<p style=\"text-align: justify;\">Cuando una persona con movilidad restringida o limitaci\u00f3n motora, por causa de malformaci\u00f3n cong\u00e9nita, problemas al nacimiento, accidente, enfermedad o edad avanzada,\u201cconsidera no tener una esperanza de vida, para lograr su independencia, autonom\u00eda y participaci\u00f3n social\u201d, aun cuando haya sido atendido bajo el modelo \u201cmedico-asistencial\u201d vigente en muchos establecimientos de salud p\u00fablica y de asistencia social, entonces, reviste la importancia del Modelo Vida Independiente, el cual surge como una filosof\u00eda de vida, que dignifica, empodera y centra a la persona en su realidad personal, familiar, social y de vida, logrando con ello, que cada persona afronte sus propios miedos y frustraciones, y a su vez, motiva a que las capacidades residuales y de resiliencia surjan como un detonante, para que consigan desarrollar un proyecto de vida y de liderazgo que le permita convertirse en un actor activo y proactivo, para un cambio no s\u00f3lo personal, sino social.<\/p>\n<p style=\"text-align: justify;\">El modelo Vida Independiente M\u00e9xico (VIM), es un modelo que se ha formado de la experiencia de su fundador, Santiago Vel\u00e1zquez Duarte, Presidente-Fundador de \u201cVida Independiente M\u00e9xico\u201d, adquirida a ra\u00edz del conocimiento personal y pr\u00e1ctica mundial de distintos procesos facilitadores de la inclusi\u00f3n.<\/p>\n<p style=\"text-align: justify;\">En los a\u00f1os setenta, en el estado de California en Estados Unidos nace el movimiento de Vida Independiente Internacional, un modelo impulsado por veteranos de guerra esperanzados de integrar a las personas con discapacidad motora, a partir de la adecuaci\u00f3n y gestor\u00eda de los recursos necesarios para el bienestar de las personas con discapacidad.<\/p>\n<p style=\"text-align: justify;\">Atendiendo a las exigencias del territorio mexicano, en el a\u00f1o 2000, Santiago a trav\u00e9s de su experiencia de vida y los conocimientos y procesos adquiridos alrededor del mundo, adec\u00faa y hace su propia versi\u00f3n de Vida Independiente, dando origen a la Organizaci\u00f3n Internacional Vida Independiente para Personas con Discapacidad, A.C., conocida como VIDA INDEPENDIENTE M\u00c9XICO o por sus siglas VIM, cuyo su principal objetivo es incluir social y laboralmente a las personas con discapacidad motora, a trav\u00e9s de una rehabilitaci\u00f3n integral (f\u00edsica, psicol\u00f3gica, familiar y social) teniendo como estrategia esencial el entrenamiento en el manejo de silla de ruedas y la filosof\u00eda de Vida, entre otras; logrando con ello una verdadera inclusi\u00f3n e interacci\u00f3n de personas en silla de ruedas y la sociedad en general.&nbsp;<\/p>\n<p style=\"text-align: justify;\">Esta rehabilitaci\u00f3n &#8220;saca\u201d de la marginaci\u00f3n a las personas con discapacidad motora de donde est\u00e9n recluidas (hospitales o casas) ofreci\u00e9ndoles una oportunidad de reintegrarse e incluirse en la sociedad de manera activa y productiva.<\/p>\n<p style=\"text-align: justify;\">Este proceso se ha logrado a trav\u00e9s de la interacci\u00f3n de personas en silla de ruedas y personas de pie que simb\u00f3licamente se corresponden y entienden; dando la oportunidad a las personas usuarias de silla de ruedas de tomar decisiones por s\u00ed mismos, pues son ellas quienes conocen sus verdaderas necesidades y pueden proponer soluciones m\u00e1s eficaces y reales a sus demandas como seres humanos plenos de derecho.<\/p>\n<p style=\"text-align: justify;\">Ser\u00eda imposible separar el trabajo y reconocimientos del Presidente-Fundador, Santiago Vel\u00e1zquez Duarte, de lo realizado por VIM. Sin embargo, se puede afirmar que el movimiento surge como una respuesta a diversas acepciones err\u00f3neas que existen en la sociedad:<\/p>\n<ul style=\"text-align: justify;\">\n<li>Una persona con discapacidad no puede trabajar<\/li>\n<li>Una persona con discapacidad no puede estudiar<\/li>\n<li>Una persona con discapacidad no puede manejar<\/li>\n<li>Una persona con discapacidad no puede cuidarse a s\u00ed misma<\/li>\n<li>Una persona con discapacidad es incompetente para responsabilizarse de su propia vida.<\/li>\n<li>Una persona con discapacidad es incapaz de tener una familia.&nbsp;<\/li>\n<\/ul>\n<p style=\"text-align: justify;\">Desde hace a\u00f1os en M\u00e9xico, las personas con discapacidad, familiares, profesionales y personas solidarias a la causa, se han dado a la tarea de formar organizaciones sociales enfocadas principalmente a la atenci\u00f3n de algunas necesidades espec\u00edficas de las distintas discapacidades, enfatizando aspectos de rehabilitaci\u00f3n f\u00edsica y ciertos niveles b\u00e1sicos de inclusi\u00f3n social como son la eliminaci\u00f3n de barreras f\u00edsicas, sociales y culturales.<\/p>\n<p style=\"text-align: justify;\">Pese a lo anterior, actualmente sigue existiendo un \u00e1rea rezagada dentro de los procesos de inclusi\u00f3n, dando el giro de oportunidad al MODELO VIDA INDEPENDIENTE ya que su propia filosof\u00eda surge de entender y vivir el significado de la discapacidad en el mundo; apoy\u00e1ndose de una rehabilitaci\u00f3n integral e inclusiva como su principal componente.<\/p>\n<p style=\"text-align: justify;\">Dentro de este movimiento de personas con discapacidad cuyos principios surgen de las propias personas con discapacidad y de sus experiencias de no estar dispuestos a permanecer al margen de la sociedad y a merced de instituciones, especialistas m\u00e9dicos y familiares, el modelo de VIM pugna por dar \u201cvida\u201d a los derechos de las personas con discapacidad, a fin de consolidar la igualdad de oportunidades de una manera no paternalista ni autoritaria.<\/p>\n<p style=\"text-align: justify;\">Lograr una Vida Independiente es el derecho y la oportunidad de tomar las propias decisiones sobre aquello que impacta directamente en nuestro desenvolvimiento como seres humanos miembros de una sociedad. Es retomar el poder, autodeterminaci\u00f3n y responsabilidad.<\/p>\n<p style=\"text-align: justify;\">Lograr una Vida Independiente NO significa hacer todo sin ning\u00fan tipo de ayuda externa; m\u00e1s bien, es la libertad para actuar, decidir, fracasar y aprender, como cualquier ser humano mientras tomas el control de tu propia vida.<\/p>\n<p style=\"text-align: justify;\">El MODELO VIDA INDEPENDIENTE ha sido y es, un modelo que ha impactado y contin\u00faa impactando en las distintas esferas de la sociedad, tales como:<\/p>\n<ul style=\"text-align: justify;\">\n<li style=\"text-align: left;\">Salud (rehabilitaci\u00f3n f\u00edsica, psicol\u00f3gica y social).<\/li>\n<li style=\"text-align: left;\">Inclusi\u00f3n familiar y social.<\/li>\n<li style=\"text-align: left;\">Educaci\u00f3n.<\/li>\n<li style=\"text-align: left;\">Deporte y recreaci\u00f3n.<\/li>\n<li style=\"text-align: left;\">Arte y cultura.<\/li>\n<li style=\"text-align: left;\">Bienestar social.<\/li>\n<li style=\"text-align: left;\">Derechos humanos.<\/li>\n<li style=\"text-align: left;\">Sexualidad y reproducci\u00f3n familiar.<\/li>\n<li style=\"text-align: left;\">Independencia, autonom\u00eda y participaci\u00f3n social.<\/li>\n<li style=\"text-align: left;\">Pol\u00edtica p\u00fablica.<\/li>\n<li style=\"text-align: left;\">Seguridad social.<\/li>\n<li style=\"text-align: left;\">Investigaci\u00f3n en temas de discapacidad<\/li>\n<li style=\"text-align: left;\">Entre otras.<\/li>\n<\/ul>\n<p style=\"text-align: justify;\">Con estos antecedentes y los testimonios de vida existentes en las 32 entidades federativas de la Rep\u00fablica Mexicana, as\u00ed como en algunos pa\u00edses de Am\u00e9rica Latina y el Caribe, surge la necesidad de compartir el Modelo VIM como un proceso de rehabilitaci\u00f3n (\u00fanico en el mundo), el cual permita contribuir, apoyar y complementar los procesos de rehabilitaci\u00f3n y atenci\u00f3n integral e inclusiva en beneficio de las personas con discapacidad motora, logrando con ello, que el modelo VIM impacte de una manera pronta y oportuna a toda la poblaci\u00f3n con limitaci\u00f3n f\u00edsica o movilidad restringida que ha perdido la esperanza de vivir por considerar no tener una &#8220;opci\u00f3n de vida\u201d en la cual se sientan apoyados y resilientes para sobreponerse de su situaci\u00f3n f\u00edsica, psicol\u00f3gica, familiar, social, etc.<\/p>\n","protected":false},"excerpt":{"rendered":"<p>Cuando una persona con movilidad restringida o limitaci\u00f3n motora, por causa de malformaci\u00f3n cong\u00e9nita, problemas al nacimiento, accidente, enfermedad o edad avanzada,\u201cconsidera no tener una esperanza de vida, para lograr su independencia, autonom\u00eda y participaci\u00f3n social\u201d, aun cuando haya sido atendido bajo el modelo \u201cmedico-asistencial\u201d vigente en muchos establecimientos de<a href=\"https:\/\/vidaindependientemexico.com\/?page_id=385\" class=\"read-more\">Read More<\/a><\/p>\n","protected":false},"author":3,"featured_media":3806,"parent":173,"menu_order":0,"comment_status":"closed","ping_status":"closed","template":"","meta":{"ngg_post_thumbnail":0,"footnotes":""},"class_list":["post-385","page","type-page","status-publish","has-post-thumbnail","hentry"],"_links":{"self":[{"href":"https:\/\/vidaindependientemexico.com\/index.php?rest_route=\/wp\/v2\/pages\/385"}],"collection":[{"href":"https:\/\/vidaindependientemexico.com\/index.php?rest_route=\/wp\/v2\/pages"}],"about":[{"href":"https:\/\/vidaindependientemexico.com\/index.php?rest_route=\/wp\/v2\/types\/page"}],"author":[{"embeddable":true,"href":"https:\/\/vidaindependientemexico.com\/index.php?rest_route=\/wp\/v2\/users\/3"}],"replies":[{"embeddable":true,"href":"https:\/\/vidaindependientemexico.com\/index.php?rest_route=%2Fwp%2Fv2%2Fcomments&post=385"}],"version-history":[{"count":31,"href":"https:\/\/vidaindependientemexico.com\/index.php?rest_route=\/wp\/v2\/pages\/385\/revisions"}],"predecessor-version":[{"id":4302,"href":"https:\/\/vidaindependientemexico.com\/index.php?rest_route=\/wp\/v2\/pages\/385\/revisions\/4302"}],"up":[{"embeddable":true,"href":"https:\/\/vidaindependientemexico.com\/index.php?rest_route=\/wp\/v2\/pages\/173"}],"wp:featuredmedia":[{"embeddable":true,"href":"https:\/\/vidaindependientemexico.com\/index.php?rest_route=\/wp\/v2\/media\/3806"}],"wp:attachment":[{"href":"https:\/\/vidaindependientemexico.com\/index.php?rest_route=%2Fwp%2Fv2%2Fmedia&parent=385"}],"curies":[{"name":"wp","href":"https:\/\/api.w.org\/{rel}","templated":true}]}}