{"id":740,"date":"2012-01-13T23:51:56","date_gmt":"2012-01-13T23:51:56","guid":{"rendered":"http:\/\/vidaindependientemexico.com\/?page_id=740"},"modified":"2019-06-26T20:56:37","modified_gmt":"2019-06-26T20:56:37","slug":"fundador","status":"publish","type":"page","link":"https:\/\/vidaindependientemexico.com\/?page_id=740","title":{"rendered":"Fundador"},"content":{"rendered":"<p style=\"text-align: center;\">&nbsp;<\/p>\n<p style=\"text-align: justify;\"><span style=\"color: #000000;\"><strong><img loading=\"lazy\" decoding=\"async\" class=\"wp-image-3251 alignleft\" src=\"http:\/\/vidaindependientemexico.com\/wp-content\/uploads\/2018\/11\/FUNDADOR-300x169.jpg\" alt=\"\" width=\"417\" height=\"235\" srcset=\"https:\/\/vidaindependientemexico.com\/wp-content\/uploads\/2018\/11\/FUNDADOR-300x169.jpg 300w, https:\/\/vidaindependientemexico.com\/wp-content\/uploads\/2018\/11\/FUNDADOR-768x432.jpg 768w, https:\/\/vidaindependientemexico.com\/wp-content\/uploads\/2018\/11\/FUNDADOR-1024x576.jpg 1024w, https:\/\/vidaindependientemexico.com\/wp-content\/uploads\/2018\/11\/FUNDADOR.jpg 1280w\" sizes=\"(max-width: 417px) 100vw, 417px\" \/><\/strong>Santiago Vel\u00e1zquez Duarte naci\u00f3 el 24 de julio de 1960 en el seno de una familia campesina dentro de la localidad de Chapalilla, municipio de Santa Mar\u00eda del Oro en Nayarit.<\/span><\/p>\n<p style=\"text-align: justify;\"><span style=\"color: #000000;\">Con 22 a\u00f1os de edad y una carrera universitaria en tiempo, Santiago sufri\u00f3 (el mismo d\u00eda) un doble accidente que lo convertir\u00eda en usuario de silla de ruedas por el resto de su vida. El primero ocurri\u00f3 al lanzarse un clavado y el segundo, ser\u00eda un descarrilamiento automotriz durante el trayecto al hospital, dejando casi todo su cuerpo paralizado y sin sensibilidad del cuello para abajo.<\/span><\/p>\n<p style=\"text-align: justify;\"><span style=\"color: #000000;\">A causa del siniestro, Santiago tuvo que dejar sus estudios, su trabajo y su independencia, vi\u00e9ndose obligado a regresar a la casa de su madre. Los siguientes dos a\u00f1os fueron los m\u00e1s dif\u00edciles de su vida; la inmovilidad, el aislamiento y la depresi\u00f3n lo llevaron a perder las ganas de vivir en varias ocasiones. Sin embargo, su propia fortaleza y la de su madre lo ayudaron a aprender a valerse por s\u00ed mismo para salir adelante a\u00fan con la lesi\u00f3n cervical permanente.<\/span><\/p>\n<p><img loading=\"lazy\" decoding=\"async\" class=\"wp-image-3275  aligncenter\" src=\"http:\/\/vidaindependientemexico.com\/wp-content\/uploads\/2018\/11\/312110_10150360127953474_5223769_n-300x225.jpg\" alt=\"\" width=\"348\" height=\"261\" srcset=\"https:\/\/vidaindependientemexico.com\/wp-content\/uploads\/2018\/11\/312110_10150360127953474_5223769_n-300x225.jpg 300w, https:\/\/vidaindependientemexico.com\/wp-content\/uploads\/2018\/11\/312110_10150360127953474_5223769_n.jpg 720w\" sizes=\"(max-width: 348px) 100vw, 348px\" \/><\/p>\n<p style=\"text-align: justify;\"><span style=\"color: #000000;\">En ese periodo de su vida, dos factores fueron determinantes para forjar las bases de su liderazgo social. Por un lado, el llevar a cabo una rehabilitaci\u00f3n extrema debido a los precarios servicios urbanos de su pueblo, volvi\u00e9ndolo absolutamente inh\u00f3spito para recorrerlo en silla de ruedas, le ense\u00f1\u00f3 que s\u00ed era posible ser independiente y m\u00e1s que eso, se convirti\u00f3 en la base de lo que a\u00f1os m\u00e1s tarde constituir\u00eda su programa de rehabilitaci\u00f3n (activa) para la vida independiente. Por otro lado, la experiencia de vivir en carne propia la discriminaci\u00f3n, la exclusi\u00f3n y el abandono a los que eran condenadas las personas con discapacidad, le hicieron tomar conciencia de la importancia de luchar para cambiar esa situaci\u00f3n.<\/span><\/p>\n<p style=\"text-align: justify;\"><span style=\"color: #000000;\">A\u00f1os m\u00e1s tarde, Santiago impact\u00f3 a la comunidad nayarita por las habilidades que desarroll\u00f3 en el manejo&nbsp;<\/span><span style=\"color: #000000;\">de su silla de ruedas y el grado de independencia que hab\u00eda logrado,&nbsp;<\/span><span style=\"color: #000000;\">raz\u00f3n por la cual lo nombraron presidente de la Agrupaci\u00f3n de Personas con Limitaciones F\u00edsicas del Est<\/span><span style=\"color: #000000;\">ado de Nayarit, A.C. en 1992, marcando el inicio formal de su trabajo en pro de la discapacidad.<\/span><\/p>\n<p style=\"text-align: justify;\"><span style=\"color: #000000;\">A partir de entonces comenz\u00f3 a trabajar uniendo esfuerzos con instituciones p\u00fablicas y privadas, a fin de que las personas con discapacidad motriz tengan acceso a una atenci\u00f3n integral para que logren su indepen<\/span><span style=\"color: #000000;\">dencia y puedan reinsertarse a la sociedad.<\/span><\/p>\n<p><img loading=\"lazy\" decoding=\"async\" class=\"wp-image-3277  alignright\" src=\"http:\/\/vidaindependientemexico.com\/wp-content\/uploads\/2018\/11\/1924129_129273713293_1254052_n-300x225.jpg\" alt=\"\" width=\"439\" height=\"329\" srcset=\"https:\/\/vidaindependientemexico.com\/wp-content\/uploads\/2018\/11\/1924129_129273713293_1254052_n-300x225.jpg 300w, https:\/\/vidaindependientemexico.com\/wp-content\/uploads\/2018\/11\/1924129_129273713293_1254052_n.jpg 604w\" sizes=\"(max-width: 439px) 100vw, 439px\" \/><\/p>\n<p style=\"text-align: justify;\"><span style=\"color: #000000;\">Durante su camino de lucha, Santiago ha presidido la Confederaci\u00f3n Mexicana de Limitados F\u00edsicos y Representantes de Deficientes Mentales, A.C. (COMELFIRDEM). Durante ese periodo se organizaron 6 Asambleas nacionales de organizaciones de personas con discapacidad, 4 intercambios de liderazgo entre j\u00f3venes con discapacidad provenientes de Estados Unidos y M\u00e9xico, cursos de liderazgo en derechos humanos, se fundaron revistas, peri\u00f3dicos y programas de radio a nivel estatal dirigidos a personas con discapacidad.<\/span><\/p>\n<p style=\"text-align: justify;\"><span style=\"color: #000000;\">Aunado al trabajo anterior, el actual presidente de VIM particip\u00f3 en la elaboraci\u00f3n de varias iniciativas de ley y del Programa Nacional para el Bienestar y la Incorporaci\u00f3n al Desarrollo de las Personas con Discapacidad. Form\u00f3 parte del Comit\u00e9 Organizador de los Juegos Ol\u00edmpicos en Atlanta 1996, fue invitado especial de la Universidad de Denver&nbsp; y del Departamento de Estado de los EUA.<\/span><\/p>\n<p style=\"text-align: justify;\"><span style=\"color: #000000;\">De igual manera, obtuvo la presidencia de la Organizaci\u00f3n Mundial de Personas con Discapacidad en Am\u00e9rica Latina (DPI). En Sydney, Australia es nombrado coordinador y responsable de la organizaci\u00f3n de la 5\u00aa Asamblea Mundial de la OMPD, que se realizar\u00eda en M\u00e9xico a finales de 1998.<\/span><\/p>\n<p><img loading=\"lazy\" decoding=\"async\" class=\"wp-image-3316 aligncenter\" src=\"http:\/\/vidaindependientemexico.com\/wp-content\/uploads\/2018\/12\/logos-svd-300x169.jpg\" alt=\"\" width=\"435\" height=\"245\" srcset=\"https:\/\/vidaindependientemexico.com\/wp-content\/uploads\/2018\/12\/logos-svd-300x169.jpg 300w, https:\/\/vidaindependientemexico.com\/wp-content\/uploads\/2018\/12\/logos-svd-768x432.jpg 768w, https:\/\/vidaindependientemexico.com\/wp-content\/uploads\/2018\/12\/logos-svd-1024x576.jpg 1024w, https:\/\/vidaindependientemexico.com\/wp-content\/uploads\/2018\/12\/logos-svd.jpg 1280w\" sizes=\"(max-width: 435px) 100vw, 435px\" \/><\/p>\n<p style=\"text-align: justify;\"><span style=\"color: #000000;\">En el 2000 es nombrado Vicepresidente del Internacional Team on Wheelchair-Polish Club, pudiendo realizar El Primer Foro Internacional de Vida Independiente \u2014 Programa \u201cSoldier 2000&#8243; que se llev\u00f3 a cabo en \u201clas Estacas\u201d, contando con la participaci\u00f3n de todos los integrantes del ITW.<\/span><\/p>\n<p style=\"text-align: justify;\"><span style=\"color: #000000;\">El 2000 es un a\u00f1o lleno de actividades, colaboraciones, compromisos, directrices, proyectos de investigaci\u00f3n, eventos y oportunidades de crecimiento, tal fue el caso del Primer Foro Latinoamericano Vida Independiente dentro de las instalaciones del Centro Paral\u00edmpico Mexicano.<\/span><\/p>\n<p style=\"text-align: justify;\"><span style=\"color: #000000;\">Meses m\u00e1s tarde, el 21 de agosto, Santiago Vel\u00e1zquez funda su propia instituci\u00f3n, la Organizaci\u00f3n Internacional Vida Independiente para Personas con Discapacidad, A.C., desde la cual lleva a cabo su principal trabajo de inclusi\u00f3n, beneficiando anualmente a m\u00e1s de 1200 familias y cientos de profesionales de la salud y rehabilitaci\u00f3n que replican el modelo dentro de sus espacios laborales.<\/span><\/p>\n<p style=\"text-align: justify;\"><span style=\"color: #000000;\"><img loading=\"lazy\" decoding=\"async\" class=\"alignleft wp-image-3253 \" src=\"http:\/\/vidaindependientemexico.com\/wp-content\/uploads\/2018\/11\/328503_2550554251224_559486972_o-300x200.jpg\" alt=\"\" width=\"357\" height=\"238\" srcset=\"https:\/\/vidaindependientemexico.com\/wp-content\/uploads\/2018\/11\/328503_2550554251224_559486972_o-300x200.jpg 300w, https:\/\/vidaindependientemexico.com\/wp-content\/uploads\/2018\/11\/328503_2550554251224_559486972_o-768x512.jpg 768w, https:\/\/vidaindependientemexico.com\/wp-content\/uploads\/2018\/11\/328503_2550554251224_559486972_o-1024x683.jpg 1024w, https:\/\/vidaindependientemexico.com\/wp-content\/uploads\/2018\/11\/328503_2550554251224_559486972_o.jpg 2048w\" sizes=\"(max-width: 357px) 100vw, 357px\" \/>En el 2010 y con una vasta experiencia en liderazgo, organizaci\u00f3n y desempe\u00f1o de deportes de alto rendimiento, Santiago organiza el Torneo Internacional de Quad Rugby en M\u00e9xico, un espacio donde participaron pa\u00edses como Colombia, Brasil, Canad\u00e1, Estados Unidos y M\u00e9xico. Asimismo, se desarrolla como el director en el Primer Campamento \u201cact\u00edvate a la vida\u201d para personas en sillas de ruedas organizado por el Sistema Municipal DIF en San Luis Potos\u00ed.<\/span><\/p>\n<p style=\"text-align: justify;\"><span style=\"color: #000000;\">Gracias a sus m\u00faltiples acciones y contribuciones al ambiente social de las personas con discapacidad, participaci\u00f3n en infinidad de asambleas, congresos y reuniones nacionales e internacionales; impulsor de la fundaci\u00f3n de m\u00e1s de 11 organizaciones de la sociedad civil, alianzas con decenas de instituciones p\u00fablicas y privadas en el pa\u00eds y el extranjero, colaboraci\u00f3n en la formulaci\u00f3n de pol\u00edticas p\u00fablicas, entre otras; en 2011 es galardonado con el Premio al L\u00edder Nacional, un reconocimiento que ha sabido llevar muy en alto hasta nuestros d\u00edas.<\/span><\/p>\n","protected":false},"excerpt":{"rendered":"<p>&nbsp; Santiago Vel\u00e1zquez Duarte naci\u00f3 el 24 de julio de 1960 en el seno de una familia campesina dentro de la localidad de Chapalilla, municipio de Santa Mar\u00eda del Oro en Nayarit. Con 22 a\u00f1os de edad y una carrera universitaria en tiempo, Santiago sufri\u00f3 (el mismo d\u00eda) un doble<a href=\"https:\/\/vidaindependientemexico.com\/?page_id=740\" class=\"read-more\">Read More<\/a><\/p>\n","protected":false},"author":3,"featured_media":4080,"parent":173,"menu_order":0,"comment_status":"closed","ping_status":"open","template":"","meta":{"ngg_post_thumbnail":0,"footnotes":""},"class_list":["post-740","page","type-page","status-publish","has-post-thumbnail","hentry"],"_links":{"self":[{"href":"https:\/\/vidaindependientemexico.com\/index.php?rest_route=\/wp\/v2\/pages\/740"}],"collection":[{"href":"https:\/\/vidaindependientemexico.com\/index.php?rest_route=\/wp\/v2\/pages"}],"about":[{"href":"https:\/\/vidaindependientemexico.com\/index.php?rest_route=\/wp\/v2\/types\/page"}],"author":[{"embeddable":true,"href":"https:\/\/vidaindependientemexico.com\/index.php?rest_route=\/wp\/v2\/users\/3"}],"replies":[{"embeddable":true,"href":"https:\/\/vidaindependientemexico.com\/index.php?rest_route=%2Fwp%2Fv2%2Fcomments&post=740"}],"version-history":[{"count":24,"href":"https:\/\/vidaindependientemexico.com\/index.php?rest_route=\/wp\/v2\/pages\/740\/revisions"}],"predecessor-version":[{"id":4264,"href":"https:\/\/vidaindependientemexico.com\/index.php?rest_route=\/wp\/v2\/pages\/740\/revisions\/4264"}],"up":[{"embeddable":true,"href":"https:\/\/vidaindependientemexico.com\/index.php?rest_route=\/wp\/v2\/pages\/173"}],"wp:featuredmedia":[{"embeddable":true,"href":"https:\/\/vidaindependientemexico.com\/index.php?rest_route=\/wp\/v2\/media\/4080"}],"wp:attachment":[{"href":"https:\/\/vidaindependientemexico.com\/index.php?rest_route=%2Fwp%2Fv2%2Fmedia&parent=740"}],"curies":[{"name":"wp","href":"https:\/\/api.w.org\/{rel}","templated":true}]}}

<p style="text-align: center;">&nbsp;</p>
<p style="text-align: justify;"><span style="color: #000000;"><strong><img loading="lazy" decoding="async" class="wp-image-3251 alignleft" src="http://vidaindependientemexico.com/wp-content/uploads/2018/11/FUNDADOR-300x169.jpg" alt="" width="417" height="235" srcset="https://vidaindependientemexico.com/wp-content/uploads/2018/11/FUNDADOR-300x169.jpg 300w, https://vidaindependientemexico.com/wp-content/uploads/2018/11/FUNDADOR-768x432.jpg 768w, https://vidaindependientemexico.com/wp-content/uploads/2018/11/FUNDADOR-1024x576.jpg 1024w, https://vidaindependientemexico.com/wp-content/uploads/2018/11/FUNDADOR.jpg 1280w" sizes="(max-width: 417px) 100vw, 417px" /></strong>Santiago Velázquez Duarte nació el 24 de julio de 1960 en el seno de una familia campesina dentro de la localidad de Chapalilla, municipio de Santa María del Oro en Nayarit.</span></p>
<p style="text-align: justify;"><span style="color: #000000;">Con 22 años de edad y una carrera universitaria en tiempo, Santiago sufrió (el mismo día) un doble accidente que lo convertiría en usuario de silla de ruedas por el resto de su vida. El primero ocurrió al lanzarse un clavado y el segundo, sería un descarrilamiento automotriz durante el trayecto al hospital, dejando casi todo su cuerpo paralizado y sin sensibilidad del cuello para abajo.</span></p>
<p style="text-align: justify;"><span style="color: #000000;">A causa del siniestro, Santiago tuvo que dejar sus estudios, su trabajo y su independencia, viéndose obligado a regresar a la casa de su madre. Los siguientes dos años fueron los más difíciles de su vida; la inmovilidad, el aislamiento y la depresión lo llevaron a perder las ganas de vivir en varias ocasiones. Sin embargo, su propia fortaleza y la de su madre lo ayudaron a aprender a valerse por sí mismo para salir adelante aún con la lesión cervical permanente.</span></p>
<p><img loading="lazy" decoding="async" class="wp-image-3275  aligncenter" src="http://vidaindependientemexico.com/wp-content/uploads/2018/11/312110_10150360127953474_5223769_n-300x225.jpg" alt="" width="348" height="261" srcset="https://vidaindependientemexico.com/wp-content/uploads/2018/11/312110_10150360127953474_5223769_n-300x225.jpg 300w, https://vidaindependientemexico.com/wp-content/uploads/2018/11/312110_10150360127953474_5223769_n.jpg 720w" sizes="(max-width: 348px) 100vw, 348px" /></p>
<p style="text-align: justify;"><span style="color: #000000;">En ese periodo de su vida, dos factores fueron determinantes para forjar las bases de su liderazgo social. Por un lado, el llevar a cabo una rehabilitación extrema debido a los precarios servicios urbanos de su pueblo, volviéndolo absolutamente inhóspito para recorrerlo en silla de ruedas, le enseñó que sí era posible ser independiente y más que eso, se convirtió en la base de lo que años más tarde constituiría su programa de rehabilitación (activa) para la vida independiente. Por otro lado, la experiencia de vivir en carne propia la discriminación, la exclusión y el abandono a los que eran condenadas las personas con discapacidad, le hicieron tomar conciencia de la importancia de luchar para cambiar esa situación.</span></p>
<p style="text-align: justify;"><span style="color: #000000;">Años más tarde, Santiago impactó a la comunidad nayarita por las habilidades que desarrolló en el manejo&nbsp;</span><span style="color: #000000;">de su silla de ruedas y el grado de independencia que había logrado,&nbsp;</span><span style="color: #000000;">razón por la cual lo nombraron presidente de la Agrupación de Personas con Limitaciones Físicas del Est</span><span style="color: #000000;">ado de Nayarit, A.C. en 1992, marcando el inicio formal de su trabajo en pro de la discapacidad.</span></p>
<p style="text-align: justify;"><span style="color: #000000;">A partir de entonces comenzó a trabajar uniendo esfuerzos con instituciones públicas y privadas, a fin de que las personas con discapacidad motriz tengan acceso a una atención integral para que logren su indepen</span><span style="color: #000000;">dencia y puedan reinsertarse a la sociedad.</span></p>
<p><img loading="lazy" decoding="async" class="wp-image-3277  alignright" src="http://vidaindependientemexico.com/wp-content/uploads/2018/11/1924129_129273713293_1254052_n-300x225.jpg" alt="" width="439" height="329" srcset="https://vidaindependientemexico.com/wp-content/uploads/2018/11/1924129_129273713293_1254052_n-300x225.jpg 300w, https://vidaindependientemexico.com/wp-content/uploads/2018/11/1924129_129273713293_1254052_n.jpg 604w" sizes="(max-width: 439px) 100vw, 439px" /></p>
<p style="text-align: justify;"><span style="color: #000000;">Durante su camino de lucha, Santiago ha presidido la Confederación Mexicana de Limitados Físicos y Representantes de Deficientes Mentales, A.C. (COMELFIRDEM). Durante ese periodo se organizaron 6 Asambleas nacionales de organizaciones de personas con discapacidad, 4 intercambios de liderazgo entre jóvenes con discapacidad provenientes de Estados Unidos y México, cursos de liderazgo en derechos humanos, se fundaron revistas, periódicos y programas de radio a nivel estatal dirigidos a personas con discapacidad.</span></p>
<p style="text-align: justify;"><span style="color: #000000;">Aunado al trabajo anterior, el actual presidente de VIM participó en la elaboración de varias iniciativas de ley y del Programa Nacional para el Bienestar y la Incorporación al Desarrollo de las Personas con Discapacidad. Formó parte del Comité Organizador de los Juegos Olímpicos en Atlanta 1996, fue invitado especial de la Universidad de Denver&nbsp; y del Departamento de Estado de los EUA.</span></p>
<p style="text-align: justify;"><span style="color: #000000;">De igual manera, obtuvo la presidencia de la Organización Mundial de Personas con Discapacidad en América Latina (DPI). En Sydney, Australia es nombrado coordinador y responsable de la organización de la 5ª Asamblea Mundial de la OMPD, que se realizaría en México a finales de 1998.</span></p>
<p><img loading="lazy" decoding="async" class="wp-image-3316 aligncenter" src="http://vidaindependientemexico.com/wp-content/uploads/2018/12/logos-svd-300x169.jpg" alt="" width="435" height="245" srcset="https://vidaindependientemexico.com/wp-content/uploads/2018/12/logos-svd-300x169.jpg 300w, https://vidaindependientemexico.com/wp-content/uploads/2018/12/logos-svd-768x432.jpg 768w, https://vidaindependientemexico.com/wp-content/uploads/2018/12/logos-svd-1024x576.jpg 1024w, https://vidaindependientemexico.com/wp-content/uploads/2018/12/logos-svd.jpg 1280w" sizes="(max-width: 435px) 100vw, 435px" /></p>
<p style="text-align: justify;"><span style="color: #000000;">En el 2000 es nombrado Vicepresidente del Internacional Team on Wheelchair-Polish Club, pudiendo realizar El Primer Foro Internacional de Vida Independiente — Programa “Soldier 2000&#8243; que se llevó a cabo en “las Estacas”, contando con la participación de todos los integrantes del ITW.</span></p>
<p style="text-align: justify;"><span style="color: #000000;">El 2000 es un año lleno de actividades, colaboraciones, compromisos, directrices, proyectos de investigación, eventos y oportunidades de crecimiento, tal fue el caso del Primer Foro Latinoamericano Vida Independiente dentro de las instalaciones del Centro Paralímpico Mexicano.</span></p>
<p style="text-align: justify;"><span style="color: #000000;">Meses más tarde, el 21 de agosto, Santiago Velázquez funda su propia institución, la Organización Internacional Vida Independiente para Personas con Discapacidad, A.C., desde la cual lleva a cabo su principal trabajo de inclusión, beneficiando anualmente a más de 1200 familias y cientos de profesionales de la salud y rehabilitación que replican el modelo dentro de sus espacios laborales.</span></p>
<p style="text-align: justify;"><span style="color: #000000;"><img loading="lazy" decoding="async" class="alignleft wp-image-3253 " src="http://vidaindependientemexico.com/wp-content/uploads/2018/11/328503_2550554251224_559486972_o-300x200.jpg" alt="" width="357" height="238" srcset="https://vidaindependientemexico.com/wp-content/uploads/2018/11/328503_2550554251224_559486972_o-300x200.jpg 300w, https://vidaindependientemexico.com/wp-content/uploads/2018/11/328503_2550554251224_559486972_o-768x512.jpg 768w, https://vidaindependientemexico.com/wp-content/uploads/2018/11/328503_2550554251224_559486972_o-1024x683.jpg 1024w, https://vidaindependientemexico.com/wp-content/uploads/2018/11/328503_2550554251224_559486972_o.jpg 2048w" sizes="(max-width: 357px) 100vw, 357px" />En el 2010 y con una vasta experiencia en liderazgo, organización y desempeño de deportes de alto rendimiento, Santiago organiza el Torneo Internacional de Quad Rugby en México, un espacio donde participaron países como Colombia, Brasil, Canadá, Estados Unidos y México. Asimismo, se desarrolla como el director en el Primer Campamento “actívate a la vida” para personas en sillas de ruedas organizado por el Sistema Municipal DIF en San Luis Potosí.</span></p>
<p style="text-align: justify;"><span style="color: #000000;">Gracias a sus múltiples acciones y contribuciones al ambiente social de las personas con discapacidad, participación en infinidad de asambleas, congresos y reuniones nacionales e internacionales; impulsor de la fundación de más de 11 organizaciones de la sociedad civil, alianzas con decenas de instituciones públicas y privadas en el país y el extranjero, colaboración en la formulación de políticas públicas, entre otras; en 2011 es galardonado con el Premio al Líder Nacional, un reconocimiento que ha sabido llevar muy en alto hasta nuestros días.</span></p>

<p>&nbsp; Santiago Velázquez Duarte nació el 24 de julio de 1960 en el seno de una familia campesina dentro de la localidad de Chapalilla, municipio de Santa María del Oro en Nayarit. Con 22 años de edad y una carrera universitaria en tiempo, Santiago sufrió (el mismo día) un doble<a href="https://vidaindependientemexico.com/?page_id=740" class="read-more">Read More</a></p>
